{"id":8810,"date":"2023-05-24T13:16:11","date_gmt":"2023-05-24T16:16:11","guid":{"rendered":"https:\/\/lerban.com.br\/loja\/?post_type=product&#038;p=8810"},"modified":"2026-04-13T19:20:33","modified_gmt":"2026-04-13T22:20:33","slug":"repletos-do-espirito-santo","status":"publish","type":"product","link":"https:\/\/lerban.com.br\/loja\/shop\/livros\/repletos-do-espirito-santo\/","title":{"rendered":"Repletos do Esp\u00edrito Santo"},"content":{"rendered":"<p>Sum\u00e1rio<\/p>\n<p>&nbsp;<\/p>\n<p><strong>A obra de Lucas em dois volumes<\/strong><\/p>\n<p>1.1. O texto<\/p>\n<p>1.2. A quest\u00e3o das fontes<\/p>\n<p>1.3. A rela\u00e7\u00e3o entre Lucas e Atos<\/p>\n<p>1.4. O car\u00e1ter liter\u00e1rio e a tend\u00eancia teol\u00f3gica<\/p>\n<p>1.5. A quest\u00e3o do g\u00eanero<\/p>\n<p>&nbsp;<\/p>\n<p><strong>Fases da investiga\u00e7\u00e3o hist\u00f3rica do Jesus Carism\u00e1tico<\/strong><\/p>\n<p>2.1. A descri\u00e7\u00e3o fenomenol\u00f3gica de Jesus<\/p>\n<p>2.2. A busca teol\u00f3gica pelo Jesus Hist\u00f3rico<\/p>\n<p>2.3. A busca hermen\u00eautica do Jesus-carism\u00e1tico<\/p>\n<p>2.4. O impacto da mem\u00f3ria no Jesus-relembrado<\/p>\n<p>&nbsp;<\/p>\n<p><strong>O Carismatismo nas obras de Lucanas<\/strong><\/p>\n<p>3.1. Comunidade entusiasta<\/p>\n<p>3.2. Jesus como profeta carism\u00e1tico no Evangelho de Lucas<\/p>\n<p>3.3. Os Atos dos Ap\u00f3stolos<\/p>\n","protected":false},"excerpt":{"rendered":"<p>Autor: Jofre Macnelli Arag\u00e3o Costa<\/p>\n<p>Frente a tantos desvios que a igreja contempor\u00e2nea mostra faz se necess\u00e1rio voltar a g\u00eanesis da protocomunidade crist\u00e3, a partir da literatura de Lucas \u2013 Lucas\/Atos, com a inten\u00e7\u00e3o de levar o leitor a reflex\u00e3o do que fez essa comunidade de primeiros crist\u00e3os darem continuidade na miss\u00e3o de Jesus. Lucas constr\u00f3i suas obras a fim de deixar claro a igreja, que se depara com a demora da parusia e as crises oriundas dessa demora, e consequentemente as persegui\u00e7\u00f5es do primeiro s\u00e9culo, a se reaver como igreja no processo hist\u00f3rico. Portanto, foi feita uma abordagem liter\u00e1rio, hist\u00f3rico e teol\u00f3gica para elencar argumenta\u00e7\u00f5es dentro desses campos a fim de que o leitor compreenda a a\u00e7\u00e3o carism\u00e1tica do Esp\u00edrito Santo, t\u00e3o percept\u00edvel na literatura lucana.<br \/>\nSob a a\u00e7\u00e3o do Esp\u00edrito Santo Jesus impactou a seus seguidores e seguidoras antes mesmo de sua ressurrei\u00e7\u00e3o, revela que esta comunidade primitiva foi marcada profundamente pelo kerygma. Os textos de Lucas possuem uma import\u00e2ncia \u00edmpar para a pneumatologia, tantas vezes entendida apenas como ref\u00e9m da teologia paulina, o evangelista apresenta uma pneumatologia pr\u00f3pria, pragm\u00e1tica que n\u00e3o \u00e9 falada pelos te\u00f3logos. Resgatar a historicidade destes textos e seu tempo e como a igreja reelaborou suas pr\u00e1xis para continuar a preciosa miss\u00e3o de Jesus, repletos do Esp\u00edrito Santo, na for\u00e7a do Esp\u00edrito de Cristo, \u00e9 a raz\u00e3o pela qual essa obra chega a suas m\u00e3os. Preciosos exemplos da f\u00e9 da igreja primitiva que inspira a igreja de hoje a repensar sua continuidade.<\/p>\n","protected":false},"featured_media":8815,"template":"","meta":[],"product_cat":[97],"product_tag":[],"class_list":["post-8810","product","type-product","status-publish","has-post-thumbnail","hentry","product_cat-livros","product_shipping_class-domestic"],"_links":{"self":[{"href":"https:\/\/lerban.com.br\/loja\/wp-json\/wp\/v2\/product\/8810"}],"collection":[{"href":"https:\/\/lerban.com.br\/loja\/wp-json\/wp\/v2\/product"}],"about":[{"href":"https:\/\/lerban.com.br\/loja\/wp-json\/wp\/v2\/types\/product"}],"wp:featuredmedia":[{"embeddable":true,"href":"https:\/\/lerban.com.br\/loja\/wp-json\/wp\/v2\/media\/8815"}],"wp:attachment":[{"href":"https:\/\/lerban.com.br\/loja\/wp-json\/wp\/v2\/media?parent=8810"}],"wp:term":[{"taxonomy":"product_cat","embeddable":true,"href":"https:\/\/lerban.com.br\/loja\/wp-json\/wp\/v2\/product_cat?post=8810"},{"taxonomy":"product_tag","embeddable":true,"href":"https:\/\/lerban.com.br\/loja\/wp-json\/wp\/v2\/product_tag?post=8810"}],"curies":[{"name":"wp","href":"https:\/\/api.w.org\/{rel}","templated":true}]}}