{"id":5476,"date":"2022-08-12T00:02:22","date_gmt":"2022-08-12T03:02:22","guid":{"rendered":"https:\/\/lerban.com.br\/loja\/?post_type=product&#038;p=5476"},"modified":"2026-02-13T00:02:02","modified_gmt":"2026-02-13T03:02:02","slug":"os-batistas-nacionais-no-estado-de-rondonia","status":"publish","type":"product","link":"https:\/\/lerban.com.br\/loja\/shop\/livros\/os-batistas-nacionais-no-estado-de-rondonia\/","title":{"rendered":"Os Batistas Nacionais no estado de Rond\u00f4nia"},"content":{"rendered":"<p>Sum\u00e1rio<\/p>\n<p>A chegada dos primeiros batistas nacionais em Rond\u00f4nia<\/p>\n<ul>\n<li>As primeiras frentes mission\u00e1rias (1973-1984)<\/li>\n<li>A perspectiva dos migrantes e mission\u00e1rios entrevistados de como era Rond\u00f4nia nas d\u00e9cadas de 1970-1980<\/li>\n<\/ul>\n<p>O perfil e o trabalho da igreja em Rond\u00f4nia<\/p>\n<p>Igrejas em Rond\u00f4nia e 40 anos em Rond\u00f4nia<\/p>\n<p>Movimenta\u00e7\u00e3o dos membros da Ormiban &#8211; RONACRE<\/p>\n<p>As emancipa\u00e7\u00f5es das igrejas em Rond\u00f4nia e Acre<\/p>\n<p>Composi\u00e7\u00f5es das diretorias da Conven\u00e7\u00e3o Batista Nacional de Rond\u00f4nia e Acre (1984-2015).<\/p>\n<p>&nbsp;<\/p>\n","protected":false},"excerpt":{"rendered":"<p>Autor: Devanir Aparecido dos Santos<\/p>\n<p>&nbsp;<\/p>\n<p>O Movimento de Renova\u00e7\u00e3o Espiritual iniciado como um simples movimento na d\u00e9cada de sessenta, ap\u00f3s a ruptura com a Conven\u00e7\u00e3o Batista Brasileira, se transformou na Conven\u00e7\u00e3o Batista Nacional. Desde ent\u00e3o, vem crescendo e se estabelecendo em todo o territ\u00f3rio nacional, esse processo hist\u00f3rico de crescimento n\u00e3o foi nada f\u00e1cil, pelo contr\u00e1rio, extremamente desafiador como nos apresenta em seu livro, ap\u00f3s longa e exaustiva pesquisa hist\u00f3rica, o professor, pastor Devanir Aparecido dos Santos.<\/p>\n<p>Ao mesmo tempo que o texto \u00e9 um trabalho rigorosamente cient\u00edfico, produto de sua tese de doutorado em hist\u00f3ria, \u00e9 tamb\u00e9m extremamente empolgante em sua leitura, ver como Deus conduziu os primeiros Batistas Nacionais a Rond\u00f4nia. Os pioneiros que ali chegaram movidos pelo Esp\u00edrito Santo em meio \u00e0 tremendas dificuldades nos deixaram um enorme legado que \u00e9 a Conven\u00e7\u00e3o Batista Nacional nesse bel\u00edssimo Estado de Rond\u00f4nia. Li, aprendi muito sobre a hist\u00f3ria de nosso povo e recomendo a leitura dessa obra que pela Gra\u00e7a de Deus chega em nossas m\u00e3os.<\/p>\n<p>Pr. Jesus Aparecido dos Santos Silva.<\/p>\n<p>&nbsp;<\/p>\n<p>&nbsp;<\/p>\n<p><a href=\"https:\/\/www.amazon.com.br\/dp\/B0BH55XMF2\"><img loading=\"lazy\" decoding=\"async\" class=\"alignnone size-full wp-image-5688\" src=\"https:\/\/lerban.com.br\/loja\/wp-content\/uploads\/2022\/08\/botao-amazon-300x141-1.png\" alt=\"\" width=\"300\" height=\"141\" srcset=\"https:\/\/lerban.com.br\/loja\/wp-content\/uploads\/2022\/08\/botao-amazon-300x141-1.png 300w, https:\/\/lerban.com.br\/loja\/wp-content\/uploads\/2022\/08\/botao-amazon-300x141-1-150x71.png 150w\" sizes=\"(max-width: 300px) 100vw, 300px\" \/><\/a><\/p>\n","protected":false},"featured_media":5478,"template":"","meta":[],"product_cat":[97],"product_tag":[],"class_list":["post-5476","product","type-product","status-publish","has-post-thumbnail","hentry","product_cat-livros","product_shipping_class-domestic"],"_links":{"self":[{"href":"https:\/\/lerban.com.br\/loja\/wp-json\/wp\/v2\/product\/5476"}],"collection":[{"href":"https:\/\/lerban.com.br\/loja\/wp-json\/wp\/v2\/product"}],"about":[{"href":"https:\/\/lerban.com.br\/loja\/wp-json\/wp\/v2\/types\/product"}],"wp:featuredmedia":[{"embeddable":true,"href":"https:\/\/lerban.com.br\/loja\/wp-json\/wp\/v2\/media\/5478"}],"wp:attachment":[{"href":"https:\/\/lerban.com.br\/loja\/wp-json\/wp\/v2\/media?parent=5476"}],"wp:term":[{"taxonomy":"product_cat","embeddable":true,"href":"https:\/\/lerban.com.br\/loja\/wp-json\/wp\/v2\/product_cat?post=5476"},{"taxonomy":"product_tag","embeddable":true,"href":"https:\/\/lerban.com.br\/loja\/wp-json\/wp\/v2\/product_tag?post=5476"}],"curies":[{"name":"wp","href":"https:\/\/api.w.org\/{rel}","templated":true}]}}