{"id":5239,"date":"2022-06-28T15:33:33","date_gmt":"2022-06-28T18:33:33","guid":{"rendered":"https:\/\/lerban.com.br\/loja\/?post_type=product&#038;p=5239"},"modified":"2026-03-12T22:25:58","modified_gmt":"2026-03-13T01:25:58","slug":"anjos-do-deserto","status":"publish","type":"product","link":"https:\/\/lerban.com.br\/loja\/shop\/livros\/anjos-do-deserto\/","title":{"rendered":"Anjos do deserto"},"content":{"rendered":"<p>S\u00famario<\/p>\n<ol>\n<li>Anjos no deserto<\/li>\n<li>De algum lugar do Oriente<\/li>\n<li>Ah! Seu eu falasse<\/li>\n<li>Igreja \u00c1rabe<\/li>\n<li>E como ouvir\u00e3o<\/li>\n<li>Os anjos O adoram<\/li>\n<li>Mission\u00e1ria e criminosa<\/li>\n<li>A festa \u00e9 de brasileiros<\/li>\n<li>\u00c1gua Viva no deserto<\/li>\n<li>O b\u00e1lsamo de Gileade<\/li>\n<li>A menina que queria ser princesa<\/li>\n<li>A chegada da fam\u00edlia Hamoud<\/li>\n<li>O Casamento Real<\/li>\n<li>A nova vida na realeza<\/li>\n<li>Amor que brota no deserto<\/li>\n<li>O nascimento de alegria<\/li>\n<li>Se arrependimento matasse<\/li>\n<li>Encontro na embaixada<\/li>\n<li>Por onde anda Mahmud<\/li>\n<li>Gr\u00e1vida de novo<\/li>\n<li>A nova amiga Judite<\/li>\n<li>Nasce Amira, a princesa<\/li>\n<li>Judite vai embora<\/li>\n<li>O tratamento da esperan\u00e7a<\/li>\n<li>A fuga de Tamara<\/li>\n<li>Tamara ouve falar de Jesus<\/li>\n<li>O batismo secreto<\/li>\n<li>A igrejinha do por\u00e3o<\/li>\n<li>Adorando em comunidade<\/li>\n<li>Casamento arranjado<\/li>\n<li>A fuga<\/li>\n<li>Desastre no aeroporto<\/li>\n<li>Susan, uma turca no deserto da Ar\u00e1bia<\/li>\n<li>Artes, Miss\u00e3o e Adora\u00e7\u00e3o<\/li>\n<li>Gravadora Luz Crescente<\/li>\n<li>Alcan\u00e7ando a Gera\u00e7\u00e3o X<\/li>\n<li>Shows \u00e0 La Mexicana<\/li>\n<li>Margareth e Jesus<\/li>\n<li>O sonho n\u00e3o acabou<\/li>\n<li>Conclus\u00e3o<\/li>\n<li>Oriente em chamas<\/li>\n<li>Atravessando o Jord\u00e3o para uma nova fase<\/li>\n<li>Orando no caixa r\u00e1pido: o milagre da provis\u00e3o<\/li>\n<li>Uma voz me chama no deserto<\/li>\n<li>Sentindo como os refugiados: a morte de Elisama<\/li>\n<li>A p\u00e9rola do Egeu: refugiados em Esmirna<\/li>\n<li>A tribo de Jamila: m\u00e3os sujas de lixo<\/li>\n<li>O milagre de Jamila<\/li>\n<li>O pai de Abud volta pra casa!<\/li>\n<li>Mohammad, o soldado ferido volta a sorrir!<\/li>\n<li>Hamide, a evangelista da Mesquita<\/li>\n<li>A Jihad de Jamal<\/li>\n<li>A pris\u00e3o do Pastor Andrew<\/li>\n<li>A vingan\u00e7a de Michel<\/li>\n<li>Golpe militar falido<\/li>\n<li>Fotos do minist\u00e9rio<\/li>\n<li>\u00d3rf\u00e3os de Pai vivo<\/li>\n<li>A nova fase da igreja.<\/li>\n<\/ol>\n<p>&nbsp;<\/p>\n","protected":false},"excerpt":{"rendered":"<p>Autora: Raquel Elana<\/p>\n<p>&nbsp;<\/p>\n<p>Trabalhando entre os povos \u00c1rabes num momento t\u00e3o especial para a Hist\u00f3ria da humanidade, comprovei que Deus usa seus servos de maneira como Ele quer e que n\u00e3o existem limites para o mover do Esp\u00edrito. Este livro \u00e9 uma terceira edi\u00e7\u00e3o acrescido de uma compila\u00e7\u00e3o de surpreendentes testemunhos e contos reais de pessoas que encontraram o Messias, no Mundo \u00c1rabe e da minha <strong>experi\u00eancia<\/strong> com a <strong>Igreja Perseguida. <\/strong>Que este testemunho seja um desafio de vida e encorajamento a todos os queridos leitores. Que Deus levante mais obreiros para a Seara e que sua igreja prevale\u00e7a nos quatro cantos da terra! Por motivos de seguran\u00e7a os nomes dos personagens foram trocados e alguns eventos omitidos.<\/p>\n<p>&nbsp;<\/p>\n","protected":false},"featured_media":5241,"template":"","meta":[],"product_cat":[97,121],"product_tag":[],"class_list":["post-5239","product","type-product","status-publish","has-post-thumbnail","hentry","product_cat-livros","product_cat-missoes-nacionais","product_shipping_class-domestic"],"_links":{"self":[{"href":"https:\/\/lerban.com.br\/loja\/wp-json\/wp\/v2\/product\/5239"}],"collection":[{"href":"https:\/\/lerban.com.br\/loja\/wp-json\/wp\/v2\/product"}],"about":[{"href":"https:\/\/lerban.com.br\/loja\/wp-json\/wp\/v2\/types\/product"}],"wp:featuredmedia":[{"embeddable":true,"href":"https:\/\/lerban.com.br\/loja\/wp-json\/wp\/v2\/media\/5241"}],"wp:attachment":[{"href":"https:\/\/lerban.com.br\/loja\/wp-json\/wp\/v2\/media?parent=5239"}],"wp:term":[{"taxonomy":"product_cat","embeddable":true,"href":"https:\/\/lerban.com.br\/loja\/wp-json\/wp\/v2\/product_cat?post=5239"},{"taxonomy":"product_tag","embeddable":true,"href":"https:\/\/lerban.com.br\/loja\/wp-json\/wp\/v2\/product_tag?post=5239"}],"curies":[{"name":"wp","href":"https:\/\/api.w.org\/{rel}","templated":true}]}}