{"id":5195,"date":"2008-01-08T10:21:43","date_gmt":"2008-01-08T13:21:43","guid":{"rendered":"https:\/\/lerban.com.br\/loja\/?post_type=product&#038;p=5195"},"modified":"2026-04-28T17:07:32","modified_gmt":"2026-04-28T20:07:32","slug":"revelacao-de-jesus-cristo-a-igreja","status":"publish","type":"product","link":"https:\/\/lerban.com.br\/loja\/shop\/jovens-e-adultos\/as-escrituras-novo-testamento\/revelacao-de-jesus-cristo-a-igreja\/","title":{"rendered":"AENT 08 &#8211; Revela\u00e7\u00e3o de Jesus Cristo \u00e0 Igreja"},"content":{"rendered":"<p><strong>SUM\u00c1RIO<\/strong><\/p>\n<p><strong>LI\u00c7\u00c3O I<\/strong> O Apocalipse: autoria, prop\u00f3sito e Interpreta\u00e7\u00e3o<br \/>\n<strong>LI\u00c7\u00c3O Il<\/strong> Apocalipse: estilo liter\u00e1rio e estrutura<br \/>\n<strong>LI\u00c7\u00c3O IIl<\/strong> As cartas \u00e0s sete igrejas &#8211; parte 1<br \/>\n<strong>LI\u00c7\u00c3O IV<\/strong> As cartas \u00e0s sete igrejas &#8211; parte 2<br \/>\n<strong>LI\u00c7\u00c3O V<\/strong> A vis\u00e3o do trono do Cordeiro (Ap 4 e 5)<br \/>\n<strong>LI\u00c7\u00c3O VI<\/strong> A abertura dos selos e o povo do Cordeiro<br \/>\n<strong>LI\u00c7\u00c3O VIl<\/strong> As sete trombetas e as duas testemunhas<br \/>\n<strong>LI\u00c7\u00c3O VIII<\/strong> A mulher perseguida pelo drag\u00e3o<br \/>\n<strong>LI\u00c7\u00c3O IX<\/strong> As sete ta\u00e7as da ira divina<br \/>\n<strong>LI\u00c7\u00c3O X<\/strong> O julgamento da grande prostituta<br \/>\n<strong>LI\u00c7\u00c3O XI<\/strong> As bodas e o triunfo do Cordeiro<br \/>\n<strong>LI\u00c7\u00c3O XII<\/strong> O Mil\u00eanio e suas interpreta\u00e7\u00f5es<br \/>\n<strong>LI\u00c7\u00c3O XIII<\/strong> O novo c\u00e9u e a nova terra<\/p>\n<p>&nbsp;<\/p>\n<p>96 p\u00e1ginas<br \/>\n13 Li\u00e7\u00f5es<br \/>\nFormato: Revista<br \/>\nP\u00fablico Alvo: Jovens e Adultos<\/p>\n","protected":false},"excerpt":{"rendered":"<p>A s\u00e9rie As Escrituras foi elaborada para propiciar ao leitor melhor dom\u00ednio do conte\u00fado teol\u00f3gico do Antigo e Novo Testamento, considerando o contexto hist\u00f3rico, as caracter\u00edsticas liter\u00e1rias e o pensamento de cada autor do texto sagrado.<br \/>\nUma base s\u00f3lida na teologia b\u00edblica certamente produzir\u00e1 f\u00e9 robusta e vida piedosa, sob a ilumina\u00e7\u00e3o do Esp\u00edrito Santo.<\/p>\n","protected":false},"featured_media":11147,"template":"","meta":[],"product_cat":[75],"product_tag":[],"class_list":["post-5195","product","type-product","status-publish","has-post-thumbnail","hentry","product_cat-as-escrituras-novo-testamento","product_shipping_class-domestic"],"_links":{"self":[{"href":"https:\/\/lerban.com.br\/loja\/wp-json\/wp\/v2\/product\/5195"}],"collection":[{"href":"https:\/\/lerban.com.br\/loja\/wp-json\/wp\/v2\/product"}],"about":[{"href":"https:\/\/lerban.com.br\/loja\/wp-json\/wp\/v2\/types\/product"}],"wp:featuredmedia":[{"embeddable":true,"href":"https:\/\/lerban.com.br\/loja\/wp-json\/wp\/v2\/media\/11147"}],"wp:attachment":[{"href":"https:\/\/lerban.com.br\/loja\/wp-json\/wp\/v2\/media?parent=5195"}],"wp:term":[{"taxonomy":"product_cat","embeddable":true,"href":"https:\/\/lerban.com.br\/loja\/wp-json\/wp\/v2\/product_cat?post=5195"},{"taxonomy":"product_tag","embeddable":true,"href":"https:\/\/lerban.com.br\/loja\/wp-json\/wp\/v2\/product_tag?post=5195"}],"curies":[{"name":"wp","href":"https:\/\/api.w.org\/{rel}","templated":true}]}}