{"id":2083,"date":"2018-06-15T13:58:05","date_gmt":"2018-06-15T16:58:05","guid":{"rendered":"https:\/\/lerban.com.br\/loja\/?post_type=product&#038;p=2083"},"modified":"2026-02-13T00:02:03","modified_gmt":"2026-02-13T03:02:03","slug":"marcada-para-nascer-de-novo","status":"publish","type":"product","link":"https:\/\/lerban.com.br\/loja\/shop\/livros\/marcada-para-nascer-de-novo\/","title":{"rendered":"Marcada Para Nascer de Novo!"},"content":{"rendered":"<p>Sum\u00e1rio:<\/p>\n<ul>\n<li>Considera\u00e7\u00f5es Inicias<\/li>\n<li>Considera\u00e7\u00f5es sobre o uso das drogas sob a \u00f3tica da Psicopedagogia<\/li>\n<li>Considera\u00e7\u00f5es sobre o uso das drogas sob a \u00f3tica espiritual<\/li>\n<li>Apresenta\u00e7\u00e3o<\/li>\n<li>Cefas e Hannah<\/li>\n<li>Casamento de Cefas e Hannah<\/li>\n<li>Os cinco filhos de Cefas e Hannah Lewy<\/li>\n<li>Acontecimentos de um caf\u00e9 da manh\u00e3<\/li>\n<li>Hora do Almo\u00e7o<\/li>\n<li>23 de Dezembro<\/li>\n<li>Noite de 24 de Dezembro na casa dos Lewy<\/li>\n<li>Hadassa no jardim<\/li>\n<li>25 de Dezembro<\/li>\n<li>Um &#8221;at\u00e9 breve&#8221; n\u00e3o t\u00e3o breve<\/li>\n<li>Renova\u00e7\u00e3o, uma decis\u00e3o s\u00e1bia!<\/li>\n<li>Majestosa se despede de Hadassa<\/li>\n<li>Hadassa, Joa e seus &#8221;novos amigos&#8221;<\/li>\n<li>E a\u00ed, Hadassa, o que fazer?<\/li>\n<li>Hadassa se reconcilia com os &#8221;tr\u00eas amigos&#8221;<\/li>\n<li>A queda de Hadassa e a comemora\u00e7\u00e3o do seu 13\u00b0 anivers\u00e1rio<\/li>\n<li>In\u00edcio, meio e fim da excurs\u00e3o<\/li>\n<li>O retorno de Hadassa e Joa<\/li>\n<li>Hadassa, Joa e o mundo das drogas<\/li>\n<li>Uma chocante descoberta<\/li>\n<li>A busca por Hadassa e Joa<\/li>\n<li>Hannah e Messa visitam a Cl\u00ednica &#8221;Vinde a Mim&#8221;<\/li>\n<li>Hadassa e Joa s\u00e3o encontrados<\/li>\n<li>Hadassa e Joa voltam para casa com seus Pais<\/li>\n<li>Hadassa diante de mais uma desconhecida situa\u00e7\u00e3o<\/li>\n<li>Uma not\u00edcia inesperada<\/li>\n<li>Dra. Acza conversa com Hadassa<\/li>\n<li>Hadassa de volta<\/li>\n<li>A Fam\u00edlia Lewy antes da viagem para Jerusal\u00e9m<\/li>\n<li>Ep\u00edlogo<\/li>\n<\/ul>\n<p>&nbsp;<\/p>\n","protected":false},"excerpt":{"rendered":"<p>Autora: Ana Rabello<\/p>\n<p>&nbsp;<\/p>\n<p>O uso das drogas \u00e9 uma pr\u00e1tica humana, milenar e universal. N\u00e3o existe sociedade que n\u00e3o tenha recorrido ao seu uso, em todos os tempos, com a finalidade mais diversas, variando somente a quantidade, o tipo e a forma de uso. A partir dos anos 60, o consumo de drogas transformou-se em uma preocupa\u00e7\u00e3o mundial, em fun\u00e7\u00e3o da elevada disponibilidade e frequ\u00eancia de uso e dos riscos que podem acarretar \u00e0 sa\u00fade, particularmente nos pa\u00edses industrializados, onde elas v\u00eam sofrendo modifica\u00e7\u00f5es, passando de uma produ\u00e7\u00e3o artesanal para um produ\u00e7\u00e3o industrial.<\/p>\n<p>Os preju\u00edzos provocados pelas drogas podem ser agudos (durante uma intoxica\u00e7\u00e3o ou &#8221;overdose&#8221;) ou cr\u00f4nicos, produzindo altera\u00e7\u00f5es mais duradoras e at\u00e9 irrevers\u00edveis. O uso de drogas por adolescentes traz riscos adicionais aos que ocorrem com adultos, em fun\u00e7\u00e3o de sua vulnerabilidade. Todas as subst\u00e2ncias psicoativas usadas de forma abusiva produzem aumento do risco de acidentes e da viol\u00eancia, por tornar mais fr\u00e1geis os cuidados de autopreserva\u00e7\u00e3o j\u00e1 enfraquecidos entre adolescentes.<\/p>\n<p>Neste contexto, livros como MARCADA PARA NASCER DE NOVO! A vida de Hadassa, que abordam a magnitude do uso de subst\u00e2ncias psicoativa, principalmente na idade escolar, s\u00e3o de especial relev\u00e2ncia para alertar pais, educadores e a sociedade em modo geral sobre a import\u00e2ncia da elabora\u00e7\u00e3o de estrat\u00e9gias adequadas e efetivas de preven\u00e7\u00e3o ao uso indevido dessa subst\u00e2ncias.<\/p>\n","protected":false},"featured_media":2090,"template":"","meta":[],"product_cat":[111,97],"product_tag":[],"class_list":["post-2083","product","type-product","status-publish","has-post-thumbnail","hentry","product_cat-111","product_cat-livros","product_shipping_class-domestic"],"_links":{"self":[{"href":"https:\/\/lerban.com.br\/loja\/wp-json\/wp\/v2\/product\/2083"}],"collection":[{"href":"https:\/\/lerban.com.br\/loja\/wp-json\/wp\/v2\/product"}],"about":[{"href":"https:\/\/lerban.com.br\/loja\/wp-json\/wp\/v2\/types\/product"}],"wp:featuredmedia":[{"embeddable":true,"href":"https:\/\/lerban.com.br\/loja\/wp-json\/wp\/v2\/media\/2090"}],"wp:attachment":[{"href":"https:\/\/lerban.com.br\/loja\/wp-json\/wp\/v2\/media?parent=2083"}],"wp:term":[{"taxonomy":"product_cat","embeddable":true,"href":"https:\/\/lerban.com.br\/loja\/wp-json\/wp\/v2\/product_cat?post=2083"},{"taxonomy":"product_tag","embeddable":true,"href":"https:\/\/lerban.com.br\/loja\/wp-json\/wp\/v2\/product_tag?post=2083"}],"curies":[{"name":"wp","href":"https:\/\/api.w.org\/{rel}","templated":true}]}}