{"id":1607,"date":"2000-01-01T14:31:43","date_gmt":"2000-01-01T17:31:43","guid":{"rendered":"https:\/\/lerban.com.br\/loja\/?post_type=product&#038;p=1607"},"modified":"2026-03-12T21:23:29","modified_gmt":"2026-03-13T00:23:29","slug":"eternamente-filhos","status":"publish","type":"product","link":"https:\/\/lerban.com.br\/loja\/shop\/livros\/eternamente-filhos\/","title":{"rendered":"Eternamente Filhos"},"content":{"rendered":"<p>Autor: Josu\u00e9 Ferreira da Silva<\/p>\n<p><strong>SUM\u00c1RIO<\/strong><\/p>\n<ol>\n<li>UMA VIS\u00c3O DA ETERNIDADE<\/li>\n<li>O TESTAMENTO DEIXADO POR DEUS<\/li>\n<li>AS TORRES DE BABEL<\/li>\n<li>COMO RECEBER A PATERNINDADE DE DEUS<\/li>\n<li>A SEMENTEIRA DE DEUS<\/li>\n<li>OS FRUTOS QUE TESTIFICAM<\/li>\n<li>A SEGURAN\u00c7A COMO FILHOS DE DEUS<\/li>\n<li>O PERD\u00c3O DO PAI<\/li>\n<li>O FILHO PR\u00d3DIGO<\/li>\n<li>O BASTARDO<\/li>\n<li>O JULGAMENTO DOS FILHOS<\/li>\n<li>DEVERES E DIREITOS<\/li>\n<li>UMA VIS\u00c3O DOS QUE MORREM NO SENHOR<\/li>\n<li>O ARREBATAMENTO DOS FILHOS<\/li>\n<\/ol>\n","protected":false},"excerpt":{"rendered":"<p>Autor: Josu\u00e9 Ferreira da Silva<\/p>\n<p>&nbsp;<\/p>\n<p>O Pr. Josu\u00e9 Ferreira da Silva \u00e9 um autor que se revela. E como! Basta ler este Eternamente Filhos. Obra Excepcional para ser lida e apreendida nestes tumultuados dias de passagem de mil\u00eanio<\/p>\n<p>Eternamente Filhos \u00e9 col\u00edrio para os olhos do leitor. Cansados de tanto ver o que n\u00e3o se deseja e ver o que n\u00e3o se quer. Lenitivo para alma angustiada, deprimida. Deprimida e angustiada pela insensatez de momento t\u00e3o grave e cruel. As chacinas est\u00e3o a\u00ed &#8211; chocantes, rudes, frias. Os homens se transformando em bestas-feras. Pela aus\u00eancia de Deus nos cora\u00e7\u00f5es. Pelo desconhecimento da sua Palavra.<\/p>\n<p>Somente os Filhos de Deus, filhos leg\u00edtimos e n\u00e3o bastardos, sabem o que \u00e9 a paz verdadeira. Mesmo nestes momentos conturbados, experimentam a doce alegria de viver.<\/p>\n<p>&#8221;Eternamente Filhos&#8221; \u00e9 uma obra inspirativa e de edifica\u00e7\u00e3o espiritual. Passa-nos seguros conhecimentos b\u00edblicos, esclarecimentos doutrin\u00e1rios e mensagens confortadoras. Sem d\u00favida, uma preciosa contribui\u00e7\u00e3o que enriquece o conhecimento do leitor e fortalece sua f\u00e9 em Cristo Jesus.<\/p>\n","protected":false},"featured_media":1608,"template":"","meta":[],"product_cat":[111,97],"product_tag":[],"class_list":["post-1607","product","type-product","status-publish","has-post-thumbnail","hentry","product_cat-111","product_cat-livros","product_shipping_class-domestic"],"_links":{"self":[{"href":"https:\/\/lerban.com.br\/loja\/wp-json\/wp\/v2\/product\/1607"}],"collection":[{"href":"https:\/\/lerban.com.br\/loja\/wp-json\/wp\/v2\/product"}],"about":[{"href":"https:\/\/lerban.com.br\/loja\/wp-json\/wp\/v2\/types\/product"}],"wp:featuredmedia":[{"embeddable":true,"href":"https:\/\/lerban.com.br\/loja\/wp-json\/wp\/v2\/media\/1608"}],"wp:attachment":[{"href":"https:\/\/lerban.com.br\/loja\/wp-json\/wp\/v2\/media?parent=1607"}],"wp:term":[{"taxonomy":"product_cat","embeddable":true,"href":"https:\/\/lerban.com.br\/loja\/wp-json\/wp\/v2\/product_cat?post=1607"},{"taxonomy":"product_tag","embeddable":true,"href":"https:\/\/lerban.com.br\/loja\/wp-json\/wp\/v2\/product_tag?post=1607"}],"curies":[{"name":"wp","href":"https:\/\/api.w.org\/{rel}","templated":true}]}}