{"id":1605,"date":"2000-01-01T12:08:38","date_gmt":"2000-01-01T15:08:38","guid":{"rendered":"https:\/\/lerban.com.br\/loja\/?post_type=product&#038;p=1605"},"modified":"2026-04-13T17:36:53","modified_gmt":"2026-04-13T20:36:53","slug":"a-arte-de-pregar","status":"publish","type":"product","link":"https:\/\/lerban.com.br\/loja\/shop\/livros\/a-arte-de-pregar\/","title":{"rendered":"A Arte de Pregar"},"content":{"rendered":"<p><strong>SUM\u00c1RIO<\/strong><\/p>\n<ol>\n<li>VANTAGENS E DESVANTAGENS DA HOMIL\u00c9TICA<\/li>\n<li>A HOMIL\u00c9TICA DO ESP\u00cdRITO SANTO<\/li>\n<li>O PREGADOR E SUA APRESENTA\u00c7\u00c3O<\/li>\n<li>O PREGADOR E SUA EDUCA\u00c7\u00c3O<\/li>\n<li>A IMPORT\u00c2NCIA DA AUTOCR\u00cdTICA<\/li>\n<li>COMO PREPARAR OS DIVERSOS TIPOS DE SERM\u00d5ES<\/li>\n<li>PREPARANDO UM MODELO DE SERM\u00c3O<\/li>\n<li>EXERCITANDO NO PREPARO DE SERM\u00d5ES<\/li>\n<li>OUTROS TIPOS DE SERM\u00d5ES?<\/li>\n<li>VANTAGENS E DESVANTAGENS DE CADA TIPO DE SERM\u00c3O<\/li>\n<li>T\u00c9CNICAS DE ARGUMENTA\u00c7\u00c3O<\/li>\n<li>ESBO\u00c7OS DE SERM\u00d5ES<\/li>\n<li>TODOS OS TIPOS DE SERM\u00d5ES BASEADOS NO MESMO TEXTO<\/li>\n<li>ORIENTA\u00c7\u00c3O SUPLEMENTAR<\/li>\n<\/ol>\n","protected":false},"excerpt":{"rendered":"<p>Autor: Waltensir Leoc\u00e1dio<\/p>\n<p>&nbsp;<\/p>\n<p>A\u00ed est\u00e1, caro leitor, um bom manual de homil\u00e9tica &#8211; A arte de preparar e pregar serm\u00f5es. N\u00e3o apenas preparar e pregar serm\u00f5es, mas falar bem e bem se comportar no p\u00falpito.<\/p>\n<p>Esta obra n\u00e3o se destina somente a estudantes de teologia, mas a todos quantos desejam se apresentar em p\u00fablico. Os princ\u00edpios b\u00e1sicos do bom orador sacro ou secular, est\u00e3o aqui expostos de modo claro e objetivo. Sem d\u00favida, uma inestim\u00e1vel contribui\u00e7\u00e3o. \u00datil. Util\u00edssima. Mormente para futuros pregadores. Ou pregadores e oradores outros que desejam se reciclar.<\/p>\n<p>Silas L. Almeida<\/p>\n","protected":false},"featured_media":1606,"template":"","meta":[],"product_cat":[111,97],"product_tag":[],"class_list":["post-1605","product","type-product","status-publish","has-post-thumbnail","hentry","product_cat-111","product_cat-livros","product_shipping_class-domestic"],"_links":{"self":[{"href":"https:\/\/lerban.com.br\/loja\/wp-json\/wp\/v2\/product\/1605"}],"collection":[{"href":"https:\/\/lerban.com.br\/loja\/wp-json\/wp\/v2\/product"}],"about":[{"href":"https:\/\/lerban.com.br\/loja\/wp-json\/wp\/v2\/types\/product"}],"wp:featuredmedia":[{"embeddable":true,"href":"https:\/\/lerban.com.br\/loja\/wp-json\/wp\/v2\/media\/1606"}],"wp:attachment":[{"href":"https:\/\/lerban.com.br\/loja\/wp-json\/wp\/v2\/media?parent=1605"}],"wp:term":[{"taxonomy":"product_cat","embeddable":true,"href":"https:\/\/lerban.com.br\/loja\/wp-json\/wp\/v2\/product_cat?post=1605"},{"taxonomy":"product_tag","embeddable":true,"href":"https:\/\/lerban.com.br\/loja\/wp-json\/wp\/v2\/product_tag?post=1605"}],"curies":[{"name":"wp","href":"https:\/\/api.w.org\/{rel}","templated":true}]}}