{"id":1597,"date":"2018-04-03T11:30:26","date_gmt":"2018-04-03T14:30:26","guid":{"rendered":"https:\/\/lerban.com.br\/loja\/?post_type=product&#038;p=1597"},"modified":"2026-04-08T08:49:09","modified_gmt":"2026-04-08T11:49:09","slug":"vento-impetuoso","status":"publish","type":"product","link":"https:\/\/lerban.com.br\/loja\/shop\/livros\/vento-impetuoso\/","title":{"rendered":"Vento Impetuoso"},"content":{"rendered":"<p>Autor: Jo\u00e3o Le\u00e3o dos Santos Xavier<\/p>\n<p><strong>SUM\u00c1RIO<\/strong><\/p>\n<p style=\"padding-left: 30px;\">A PESSOA DO ESP\u00cdRITO SANTO<\/p>\n<p>A PERSONALIDADE DO ESP\u00cdRITO SANTO<br \/>\nA DEIDADE DO ESP\u00cdRITO SANTO<br \/>\nS\u00cdMBOLOS DO ESP\u00cdRITO SANTO<\/p>\n<p style=\"padding-left: 30px;\">A OBRA DO ESP\u00cdRITO SANTO<\/p>\n<p>O ESP\u00cdRITO SANTO E AS ESCRITURAS<br \/>\nO ESP\u00cdRITO SANTO NO VELHO TESTAMENTO<br \/>\nO ESP\u00cdRITO SANTO NO NOVO TESTAMENTO<br \/>\nO ESP\u00cdRITO SANTO EM RELA\u00c7\u00c3O AO MUNDO<br \/>\nO ESP\u00cdRITO SANTO EM RELA\u00c7\u00c3O AO SALVO<\/p>\n<p style=\"padding-left: 30px;\">BATISMO NO ESP\u00cdRITO SANTO<\/p>\n<p>NOMENCLATURA<br \/>\nO QUE \u00c9 BATISMO NO ESP\u00cdRITO SANTO<br \/>\nHIST\u00d3RIA DA DOUTRINA DO BATISMO NO ESP\u00cdRITO SANTO<br \/>\nNECESSIDADE DO BATISMO NO ESP\u00cdRITO<br \/>\nEMPENCILHOS \u00c0 RECEP\u00c7\u00c3O DA B\u00caN\u00c7\u00c3O<br \/>\nCOMO RECEBER OS BATISMO NO ESP\u00cdRITO SANTO<br \/>\nPARA INSTRUIR OUTROS A RECEBER<\/p>\n<p style=\"padding-left: 30px;\">DONS ESPIRITUAIS<\/p>\n<p>INTRODU\u00c7\u00c3O<br \/>\nPALAVRAS PARA &#8220;DOM&#8221; NO HEBRAICO<br \/>\nPALAVRAS PARA &#8220;DOM&#8221; NO GREGO<br \/>\nCARISMA<br \/>\nLISTAGEM DOS DONS<br \/>\nO QUE \u00c9 UM DOM ESPIRITUAL<br \/>\nESTUDO DOS DONS CARISM\u00c1TICOS<\/p>\n","protected":false},"excerpt":{"rendered":"<p>Autor: Jo\u00e3o Le\u00e3o dos Santos Xavier SUM\u00c1RIO A PESSOA DO ESP\u00cdRITO SANTO A PERSONALIDADE DO ESP\u00cdRITO SANTO A DEIDADE DO ESP\u00cdRITO SANTO S\u00cdMBOLOS DO ESP\u00cdRITO SANTO A OBRA DO ESP\u00cdRITO SANTO O ESP\u00cdRITO SANTO E AS ESCRITURAS O ESP\u00cdRITO SANTO NO VELHO TESTAMENTO O ESP\u00cdRITO SANTO NO NOVO TESTAMENTO O ESP\u00cdRITO SANTO EM RELA\u00c7\u00c3O AO [&hellip;]<\/p>\n","protected":false},"featured_media":1598,"template":"","meta":[],"product_cat":[111,97,121],"product_tag":[],"class_list":["post-1597","product","type-product","status-publish","has-post-thumbnail","hentry","product_cat-111","product_cat-livros","product_cat-missoes-nacionais","product_shipping_class-domestic"],"_links":{"self":[{"href":"https:\/\/lerban.com.br\/loja\/wp-json\/wp\/v2\/product\/1597"}],"collection":[{"href":"https:\/\/lerban.com.br\/loja\/wp-json\/wp\/v2\/product"}],"about":[{"href":"https:\/\/lerban.com.br\/loja\/wp-json\/wp\/v2\/types\/product"}],"wp:featuredmedia":[{"embeddable":true,"href":"https:\/\/lerban.com.br\/loja\/wp-json\/wp\/v2\/media\/1598"}],"wp:attachment":[{"href":"https:\/\/lerban.com.br\/loja\/wp-json\/wp\/v2\/media?parent=1597"}],"wp:term":[{"taxonomy":"product_cat","embeddable":true,"href":"https:\/\/lerban.com.br\/loja\/wp-json\/wp\/v2\/product_cat?post=1597"},{"taxonomy":"product_tag","embeddable":true,"href":"https:\/\/lerban.com.br\/loja\/wp-json\/wp\/v2\/product_tag?post=1597"}],"curies":[{"name":"wp","href":"https:\/\/api.w.org\/{rel}","templated":true}]}}