{"id":1595,"date":"2018-04-03T11:28:00","date_gmt":"2018-04-03T14:28:00","guid":{"rendered":"https:\/\/lerban.com.br\/loja\/?post_type=product&#038;p=1595"},"modified":"2026-04-08T08:58:21","modified_gmt":"2026-04-08T11:58:21","slug":"da-morte-para-a-vida-abundante","status":"publish","type":"product","link":"https:\/\/lerban.com.br\/loja\/shop\/livros\/da-morte-para-a-vida-abundante\/","title":{"rendered":"Da Morte Para a Vida Abundante"},"content":{"rendered":"<p><strong>SUM\u00c1RIO<\/strong><\/p>\n<p>Como Aplicar o Discipulado<\/p>\n<p>Ministra\u00e7\u00e3o 1 &#8211; Da morte para a vida abundante<\/p>\n<p>Ministra\u00e7\u00e3o 2 &#8211; O novo nascimento<\/p>\n<p>Ministra\u00e7\u00e3o 3 &#8211; Realidade da minha natureza<\/p>\n<p>Ministra\u00e7\u00e3o 4 &#8211; Transformando minha natureza<\/p>\n<p>Ministra\u00e7\u00e3o 5 &#8211; A ora\u00e7\u00e3o e o gr\u00e3o de trigo<\/p>\n<p>Ministra\u00e7\u00e3o 6 &#8211; Gerenciamento da autoimagem<\/p>\n<p>Ministra\u00e7\u00e3o 7 &#8211; Imagem de Cristo, reflexo na fam\u00edlia<\/p>\n<p>Ministra\u00e7\u00e3o 8 &#8211; Idolatria<\/p>\n<p>Ministra\u00e7\u00e3o 9 &#8211; Mordomia<\/p>\n<p>Ministra\u00e7\u00e3o 10 &#8211; O reino de Deus e a igreja de Cristo<\/p>\n","protected":false},"excerpt":{"rendered":"<p>Autor: Davi Geraldi<\/p>\n<p>&nbsp;<\/p>\n<p>O per\u00edodo de 10.09.10 a 07.10.11 foi de muita adversidade para o Pr. Davi Paulo Geraldi. Sem motivo aparente, durante as caminhadas di\u00e1rias, fraturou ambos os quadris. Exames complexos indicaram a necessidade urgente de cirurgia.<\/p>\n<p>Apesar do diagn\u00f3stico s\u00e9rio, confuso e das dores quase agonizantes, a pastor decidiu adiar os procedimentos m\u00e9dicos, buscar o Senhor e se refugiar na Palavra de Deus. N\u00e3o tardou para Pr. Davi ver o agir divino. Novos exames constataram a solidez dos ossos, surpreendendo os m\u00e9dicos. O pastor estava completamente curado!<\/p>\n<p>A experi\u00eancia profunda com Deus resultou nas revela\u00e7\u00f5es contidas neste livro &#8221;Da morte para a vida abundante&#8221;. Uma mensagem focada no novo nascimento para motivar aqueles desejosos de alcan\u00e7ar um n\u00edvel mais alto no relacionamento com Deus e tamb\u00e9m auxiliar voc\u00ea a evangelizar e a discipular vidas.<\/p>\n<p>O Pr. Davi Geraldi realiza semin\u00e1rios mensais voltados para o tema. Formado em teologia pela Faculdade Batista ABC e pelo Instituto B\u00edblico Brasileiro em teologia pastoral. Bacharel em servi\u00e7o social pela UNIVALI. Foi presidente da Conven\u00e7\u00e3o Batista Nacional de Santa Catarina.<\/p>\n","protected":false},"featured_media":1596,"template":"","meta":[],"product_cat":[111,97],"product_tag":[],"class_list":["post-1595","product","type-product","status-publish","has-post-thumbnail","hentry","product_cat-111","product_cat-livros","product_shipping_class-domestic"],"_links":{"self":[{"href":"https:\/\/lerban.com.br\/loja\/wp-json\/wp\/v2\/product\/1595"}],"collection":[{"href":"https:\/\/lerban.com.br\/loja\/wp-json\/wp\/v2\/product"}],"about":[{"href":"https:\/\/lerban.com.br\/loja\/wp-json\/wp\/v2\/types\/product"}],"wp:featuredmedia":[{"embeddable":true,"href":"https:\/\/lerban.com.br\/loja\/wp-json\/wp\/v2\/media\/1596"}],"wp:attachment":[{"href":"https:\/\/lerban.com.br\/loja\/wp-json\/wp\/v2\/media?parent=1595"}],"wp:term":[{"taxonomy":"product_cat","embeddable":true,"href":"https:\/\/lerban.com.br\/loja\/wp-json\/wp\/v2\/product_cat?post=1595"},{"taxonomy":"product_tag","embeddable":true,"href":"https:\/\/lerban.com.br\/loja\/wp-json\/wp\/v2\/product_tag?post=1595"}],"curies":[{"name":"wp","href":"https:\/\/api.w.org\/{rel}","templated":true}]}}