{"id":1590,"date":"2018-04-03T11:11:53","date_gmt":"2018-04-03T14:11:53","guid":{"rendered":"https:\/\/lerban.com.br\/loja\/?post_type=product&#038;p=1590"},"modified":"2026-04-13T17:36:53","modified_gmt":"2026-04-13T20:36:53","slug":"a-manipulacao-no-processo-da-evangelizacao","status":"publish","type":"product","link":"https:\/\/lerban.com.br\/loja\/shop\/livros\/a-manipulacao-no-processo-da-evangelizacao\/","title":{"rendered":"A Manipula\u00e7\u00e3o no Processo da Evangeliza\u00e7\u00e3o"},"content":{"rendered":"<p><strong>SUM\u00c1RIO<\/strong><\/p>\n<p>CAP\u00cdTULO I &#8211; O PENTECOSTALISMO BRASILEIRO<\/p>\n<p>&nbsp;<\/p>\n<p>1.1 &#8211; O IN\u00cdCIO DO PENTECOSTALISMO BRASILEIRO, HOJE<\/p>\n<p>1.2 &#8211; APRESENTA\u00c7\u00c3O DO PENTECOSTALISMO BRASILEIRO, HOJE<\/p>\n<p>1.3 &#8211; AS ESTRUTURAS DE PODER SOCIAL NA CULTURA BRASILEIRO<\/p>\n<p>1.4 &#8211; FATORES QUE PROPICIARAM A INTEIRA\u00c7\u00c3O DO FEN\u00d4MENO PENTECOSTAL COM A CULTURA BRASILEIRA<\/p>\n<p>&nbsp;<\/p>\n<p>CAP\u00cdTULO II &#8211; UMA PERSPECTIVA TEOL\u00d3GICA DO FEN\u00d4MENO DA MANIPULA\u00c7\u00c3O<\/p>\n<p>&nbsp;<\/p>\n<p>2.1 &#8211; O FEN\u00d4MENO DA MANIPULA\u00c7\u00c3O NA EP\u00cdSTOLA AOS ROMANOS<\/p>\n<p>2.2 &#8211; FATORES APRESENTADOS POR PAULO QUE FAVORECEM O DESENVOLVIMENTO DO FEN\u00d4MENO DA MANIPULA\u00c7\u00c3O<\/p>\n<p>2.3 &#8211; CONSEQU\u00caNCIAS DA MANIPUL\u00c7\u00c3O, PARA A VIDA DO HOMEM E DA SOCIEDADE, APRESENTADAS EM ROMANOS<\/p>\n<p>&nbsp;<\/p>\n<p>CAP\u00cdTULO III &#8211; O FEN\u00d4MENO DA MANIPULA\u00c7\u00c3O DENTRO DO PENTECOSTALISMO<\/p>\n<p>&nbsp;<\/p>\n<p>3.1 &#8211; UMA PESPECTIVA FENOMENOL\u00d3GICA DA MANIPULA\u00c7\u00c3O RELIGIOSA<\/p>\n<p>3.2 &#8211; OBSERVA\u00c7\u00d5ES, DESCRI\u00c7\u00c3O E AN\u00c1LISE DE RITUAL PENTECOSTAL PARA DETECTAR CASOS DE MANIPUL\u00c7\u00c3O RELIGIOSA<\/p>\n<p>3.3 &#8211; FEN\u00d4MENOS GERADOS E GERENCIADORES DESTES CASOS<\/p>\n<p>3.4 &#8211; CONSEQU\u00caNCIAS POSITIVAS DO FEN\u00d4MENO DA MANIPULA\u00c7\u00c3O EXISTENTE DENTRO DO PENTECOSTALISMO<\/p>\n<p>3.5 &#8211; PROBLEMAS DO PENTECOSTALISMO BRASILEIRO<\/p>\n<p>&nbsp;<\/p>\n<p>CAP\u00cdTULO IV &#8211; O PENTECOSTALISMO COMO RELIGI\u00c3O POPULAR<\/p>\n<p>&nbsp;<\/p>\n<p>4.1 &#8211; UMA PERSPECTIVA DA RELIGIOSIDADE POPULAR<\/p>\n<p>4.2 &#8211; CARACTER\u00cdSTICAS DA RELIGIOSIDADE POPULAR<\/p>\n<p>4.3 &#8211; TRANSFORMA\u00c7\u00c3O DA CULTURA BRASILEIRA, PELO FEM\u00d4MENO PENTECOSTAL COMO RELIGIOSIDADE POPULAR<\/p>\n<p>&nbsp;<\/p>\n<p>CAP\u00cdTULO V &#8211; APLICA\u00c7\u00d5ES MISSIOL\u00d3GICAS<\/p>\n<p>&nbsp;<\/p>\n<p>5.1 &#8211; ALISTAMENTO DO FEN\u00d4MENO DA MANIPULA\u00c7\u00c3O DENTRO DO PENTECOSTALISMO BRASILEIRO<\/p>\n<p>5.2 &#8211; AN\u00c1LISE DO FEN\u00d4MENO DA MANIPULA\u00c7\u00c3O DENTRO DO PENTECOSTALISMO BRASILEIRO<\/p>\n<p>5.3 &#8211; IMPLICA\u00c7\u00d5ES DA MANIPULA\u00c7\u00c3O EXISTENTE DENTRO DO PENTECOSTALISMO NO BRASIL, PARA A MISSIOL\u00d3GIA BRASILEIRA<\/p>\n<p>5.4 &#8211; ALERTAS \u00c0 MISSIOL\u00d3GIA BRASILEIRA<\/p>\n","protected":false},"excerpt":{"rendered":"<p>Autor: Stephenson Soares Ara\u00fajo<\/p>\n<p>&nbsp;<\/p>\n<p>A Manipula\u00e7\u00e3o no Processo da Evangeliza\u00e7\u00e3o \u00e9 obra s\u00e9ria. Escrita por gente s\u00e9ria. Todos conhecemos a conduta retil\u00ednea do seu autor. Homem de Deus que tem dado o melhor de si nesta obra que avalia. Ou auto-avalia. Pois est\u00e1 inserido nela. \u00c9 a parte dela. Este livro &#8211; brilhante tese de mestrado em missiologia &#8211; \u00e9 um convite oportuno, oportun\u00edssimo mesmo, \u00e0 prud\u00eancia, ao caminhar retamente os retos caminhos na propaga\u00e7\u00e3o da mensagem cristalina do Evangelho. \u00c9 um chamado\u00a0 \u00e0 reflex\u00e3o e an\u00e1lise de m\u00e9todos e comportamentos que precisam ser coerentes com a mensagem\u00a0 evang\u00e9lica.<\/p>\n<p>Este livro \u00e9 bom. Chegou em hora oportuna. Os evang\u00e9licos do Brasil certamente ganhar\u00e3o muito ao percorrem suas p\u00e1ginas. Ao refletirem sobre as s\u00e1bias li\u00e7\u00f5es que encera.<\/p>\n<p>Silas Leite de Almeida.<\/p>\n","protected":false},"featured_media":1591,"template":"","meta":[],"product_cat":[111,97,121],"product_tag":[],"class_list":["post-1590","product","type-product","status-publish","has-post-thumbnail","hentry","product_cat-111","product_cat-livros","product_cat-missoes-nacionais","product_shipping_class-domestic"],"_links":{"self":[{"href":"https:\/\/lerban.com.br\/loja\/wp-json\/wp\/v2\/product\/1590"}],"collection":[{"href":"https:\/\/lerban.com.br\/loja\/wp-json\/wp\/v2\/product"}],"about":[{"href":"https:\/\/lerban.com.br\/loja\/wp-json\/wp\/v2\/types\/product"}],"wp:featuredmedia":[{"embeddable":true,"href":"https:\/\/lerban.com.br\/loja\/wp-json\/wp\/v2\/media\/1591"}],"wp:attachment":[{"href":"https:\/\/lerban.com.br\/loja\/wp-json\/wp\/v2\/media?parent=1590"}],"wp:term":[{"taxonomy":"product_cat","embeddable":true,"href":"https:\/\/lerban.com.br\/loja\/wp-json\/wp\/v2\/product_cat?post=1590"},{"taxonomy":"product_tag","embeddable":true,"href":"https:\/\/lerban.com.br\/loja\/wp-json\/wp\/v2\/product_tag?post=1590"}],"curies":[{"name":"wp","href":"https:\/\/api.w.org\/{rel}","templated":true}]}}