{"id":1570,"date":"2018-04-03T10:07:42","date_gmt":"2018-04-03T13:07:42","guid":{"rendered":"https:\/\/lerban.com.br\/loja\/?post_type=product&#038;p=1570"},"modified":"2026-03-12T13:28:13","modified_gmt":"2026-03-12T16:28:13","slug":"proclamando-o-reino-de-deus","status":"publish","type":"product","link":"https:\/\/lerban.com.br\/loja\/shop\/jovens-e-adultos\/estudos-para-celulas\/proclamando-o-reino-de-deus\/","title":{"rendered":"EPC 03 &#8211; Proclamando o Reino de Deus"},"content":{"rendered":"<p><strong>TEM\u00c1RIO<\/strong><\/p>\n<ol>\n<li>JESUS, O DEUS FILHO<\/li>\n<li>JESUS, O CORDEIRO DE DEUS<\/li>\n<li>JESUS, O \u00daNICO MEDIADOR<\/li>\n<li>JESUS, A \u00c1GUA VIVA<\/li>\n<li>JESUS, O PROFETA DE DEUS<\/li>\n<li>JESUS, O P\u00c3O DA VIA<\/li>\n<li>JESUS, A LUZ DO MUNDO<\/li>\n<li>JESUS, O NOSSO ADVOGADO<\/li>\n<li>JESUS, O SUMO PASTOR<\/li>\n<li>JESUS, O GRANDE EXEMPLO DE HUMILDADE<\/li>\n<li>JESUS, O SENHOR DE NOSSAS VIDAS<\/li>\n<li>JESUS, A EXPRESS\u00c3O DO AMOR DE DEUS<\/li>\n<li>JESUS, O VERDADEIRO AMIGO<\/li>\n<\/ol>\n","protected":false},"excerpt":{"rendered":"<p>TEM\u00c1RIO JESUS, O DEUS FILHO JESUS, O CORDEIRO DE DEUS JESUS, O \u00daNICO MEDIADOR JESUS, A \u00c1GUA VIVA JESUS, O PROFETA DE DEUS JESUS, O P\u00c3O DA VIA JESUS, A LUZ DO MUNDO JESUS, O NOSSO ADVOGADO JESUS, O SUMO PASTOR JESUS, O GRANDE EXEMPLO DE HUMILDADE JESUS, O SENHOR DE NOSSAS VIDAS JESUS, A [&hellip;]<\/p>\n","protected":false},"featured_media":1571,"template":"","meta":[],"product_cat":[93],"product_tag":[],"class_list":["post-1570","product","type-product","status-publish","has-post-thumbnail","hentry","product_cat-estudos-para-celulas","product_shipping_class-domestic"],"_links":{"self":[{"href":"https:\/\/lerban.com.br\/loja\/wp-json\/wp\/v2\/product\/1570"}],"collection":[{"href":"https:\/\/lerban.com.br\/loja\/wp-json\/wp\/v2\/product"}],"about":[{"href":"https:\/\/lerban.com.br\/loja\/wp-json\/wp\/v2\/types\/product"}],"wp:featuredmedia":[{"embeddable":true,"href":"https:\/\/lerban.com.br\/loja\/wp-json\/wp\/v2\/media\/1571"}],"wp:attachment":[{"href":"https:\/\/lerban.com.br\/loja\/wp-json\/wp\/v2\/media?parent=1570"}],"wp:term":[{"taxonomy":"product_cat","embeddable":true,"href":"https:\/\/lerban.com.br\/loja\/wp-json\/wp\/v2\/product_cat?post=1570"},{"taxonomy":"product_tag","embeddable":true,"href":"https:\/\/lerban.com.br\/loja\/wp-json\/wp\/v2\/product_tag?post=1570"}],"curies":[{"name":"wp","href":"https:\/\/api.w.org\/{rel}","templated":true}]}}