{"id":1518,"date":"2026-03-12T10:48:59","date_gmt":"2026-03-12T13:48:59","guid":{"rendered":"https:\/\/lerban.com.br\/loja\/wpt\/product\/import-placeholder-for-264\/"},"modified":"2026-09-02T16:28:04","modified_gmt":"2026-09-02T19:28:04","slug":"criancas-na-rede-do-mestre","status":"publish","type":"product","link":"https:\/\/lerban.com.br\/loja\/shop\/igreja-em-celulas-para-criancas\/de-crianca-para-crianca\/criancas-na-rede-do-mestre\/","title":{"rendered":"DCPC 01 &#8211; Crian\u00e7as na Rede do Mestre"},"content":{"rendered":"","protected":false},"excerpt":{"rendered":"<p>Autora: Dulcin\u00e9ia Campos Bu\u00e7ard<\/p>\n<p><strong>TEM\u00c1RIO<\/strong><\/p>\n<ol>\n<li>OL\u00c1 CRIAN\u00c7A, COMO VAI VOC\u00ca?<\/li>\n<li>O MENINO ISAQUE<\/li>\n<li>JOS\u00c9, O SONHADOR<\/li>\n<li>O MENINO TIRADO DAS \u00c1GUAS<\/li>\n<li>CRIAN\u00c7AS DE ISRAEL<\/li>\n<li>DEUS FALA COM UMA CRIAN\u00c7A<\/li>\n<li>UMA MENINA ESPERTA<\/li>\n<li>UM PEQUENO PASTOR<\/li>\n<li>UM REI COM APENAS 7 ANOS<\/li>\n<li>FALA JO\u00c3OZINHO!<\/li>\n<li>ENSINANDO AOS DOUTORES<\/li>\n<li>QUEM \u00c9 O MAIOR?<\/li>\n<li>VOC\u00ca \u00c9 ESPECIAL<\/li>\n<\/ol>\n","protected":false},"featured_media":1212,"template":"","meta":[],"product_cat":[83],"product_tag":[],"class_list":["post-1518","product","type-product","status-publish","has-post-thumbnail","hentry","product_cat-de-crianca-para-crianca","product_shipping_class-domestic"],"_links":{"self":[{"href":"https:\/\/lerban.com.br\/loja\/wp-json\/wp\/v2\/product\/1518"}],"collection":[{"href":"https:\/\/lerban.com.br\/loja\/wp-json\/wp\/v2\/product"}],"about":[{"href":"https:\/\/lerban.com.br\/loja\/wp-json\/wp\/v2\/types\/product"}],"wp:featuredmedia":[{"embeddable":true,"href":"https:\/\/lerban.com.br\/loja\/wp-json\/wp\/v2\/media\/1212"}],"wp:attachment":[{"href":"https:\/\/lerban.com.br\/loja\/wp-json\/wp\/v2\/media?parent=1518"}],"wp:term":[{"taxonomy":"product_cat","embeddable":true,"href":"https:\/\/lerban.com.br\/loja\/wp-json\/wp\/v2\/product_cat?post=1518"},{"taxonomy":"product_tag","embeddable":true,"href":"https:\/\/lerban.com.br\/loja\/wp-json\/wp\/v2\/product_tag?post=1518"}],"curies":[{"name":"wp","href":"https:\/\/api.w.org\/{rel}","templated":true}]}}

DCPC 01 &#8211; Crianças na Rede do Mestre

<p>Autora: Dulcinéia Campos Buçard</p>
<p><strong>TEMÁRIO</strong></p>
<ol>
<li>OLÁ CRIANÇA, COMO VAI VOCÊ?</li>
<li>O MENINO ISAQUE</li>
<li>JOSÉ, O SONHADOR</li>
<li>O MENINO TIRADO DAS ÁGUAS</li>
<li>CRIANÇAS DE ISRAEL</li>
<li>DEUS FALA COM UMA CRIANÇA</li>
<li>UMA MENINA ESPERTA</li>
<li>UM PEQUENO PASTOR</li>
<li>UM REI COM APENAS 7 ANOS</li>
<li>FALA JOÃOZINHO!</li>
<li>ENSINANDO AOS DOUTORES</li>
<li>QUEM É O MAIOR?</li>
<li>VOCÊ É ESPECIAL</li>
</ol>
