{"id":1507,"date":"2000-03-20T10:48:56","date_gmt":"2000-03-20T13:48:56","guid":{"rendered":"https:\/\/lerban.com.br\/loja\/wpt\/product\/import-placeholder-for-jc2u\/"},"modified":"2026-04-29T15:37:04","modified_gmt":"2026-04-29T18:37:04","slug":"conexao-evangelho","status":"publish","type":"product","link":"https:\/\/lerban.com.br\/loja\/shop\/jovens-e-adultos\/juventude-conectada\/conexao-evangelho\/","title":{"rendered":"JC 02 &#8211; Conex\u00e3o Evangelho"},"content":{"rendered":"<p><strong>TEM\u00c1RIO<\/strong><\/p>\n<ol>\n<li>A CONEX\u00c3O DO REINO<\/li>\n<li>MEU PROJETO DE VIDA: SEGUIR A JESUS<\/li>\n<li>O MANDAMENTO DO AMOR<\/li>\n<li>TEMOS A MENTE DE CRISTO: MATURIDADE CRIST\u00c3<\/li>\n<li>EU ORO, TU ORAS, ELE ORA&#8230;<\/li>\n<li>B\u00cdBLIA NOSSA DE CADA DIA<\/li>\n<li>A HESED DA JUVENTUDE<\/li>\n<li>UMA VIDA COM FRUTOS E O FRUTO NA VIDA<\/li>\n<li>A VIDA DE COMBATE. ISSO N\u00c3O \u00c9 UM VIDEOGAME!<\/li>\n<li>RESISTINDO \u00c0S TENTA\u00c7\u00d5ES<\/li>\n<li>MENOS TAGARELICE MAIS EVANGELISMO<\/li>\n<li>JUVENTUDE AVIVADA<\/li>\n<\/ol>\n<p>83 p\u00e1ginas<br \/>\n12 Li\u00e7\u00f5es<br \/>\nFormato: Revista<br \/>\nP\u00fablico Alvo: Jovens<\/p>\n<p>Baixe o pdf com a primeira li\u00e7\u00e3o <a href=\"https:\/\/lerban.com.br\/loja\/sample\/conex-02.pdf\"><strong>clicando aqui<\/strong><\/a>.<\/p>\n","protected":false},"excerpt":{"rendered":"<p>Autores: Le\u00f4nidas Ghelli e Vin\u00edcius Tavares<\/p>\n<p>&nbsp;<\/p>\n<p>A s\u00e9rie Juventude Conectada nasceu da inquieta\u00e7\u00e3o e dos anseios da juventude batista nacional de possuir um material adequado ao estilo e \u00e0 linguagem jovem. Os jovens t\u00eam um jeit\u00e3o todo especial de olhar a realidade. Acreditam em seus ideais e lutam por eles. Conectam-se com o mundo de maneira revolucion\u00e1ria e se munem do conhecimento e do saber para enfrentar as demandas que lhes s\u00e3o propostas.<\/p>\n<p>Antenados as demandas e perspectivas da juventude, disponibilizamos o segundo exemplar da s\u00e9rie: CONEX\u00c3O EVANGELHO. Onde, eu e o Pastor Vinicius Tavares, expomos os fundamentos do Evangelho de Jesus de maneira clara e desafiadora, pois acreditamos que Evangelho forma car\u00e1ter crist\u00e3o em n\u00f3s. Esta revista \u00e9, portanto, um est\u00edmulo \u00e0 reflex\u00e3o e uma incita\u00e7\u00e3o ao compromisso de ser e fazer a diferen\u00e7a. Juventude Conectada \u00e9 isso: &#8221;Coragem para ser diferente, compromisso para fazer a diferen\u00e7a&#8221; (Vinicius Tavares).<\/p>\n<p>Espero sinceramente que este material lhe ofere\u00e7a subs\u00eddio b\u00edblico-teol\u00f3gico suficiente para o in\u00edcio de uma discuss\u00e3o que certamente ser\u00e1 ampliada nas classes de EBD, nos grupos de estudos b\u00edblicos e nas rodas de bate-papo.<\/p>\n","protected":false},"featured_media":1201,"template":"","meta":[],"product_cat":[78],"product_tag":[135],"class_list":["post-1507","product","type-product","status-publish","has-post-thumbnail","hentry","product_cat-juventude-conectada","product_tag-juventude-conectada","product_shipping_class-domestic"],"_links":{"self":[{"href":"https:\/\/lerban.com.br\/loja\/wp-json\/wp\/v2\/product\/1507"}],"collection":[{"href":"https:\/\/lerban.com.br\/loja\/wp-json\/wp\/v2\/product"}],"about":[{"href":"https:\/\/lerban.com.br\/loja\/wp-json\/wp\/v2\/types\/product"}],"wp:featuredmedia":[{"embeddable":true,"href":"https:\/\/lerban.com.br\/loja\/wp-json\/wp\/v2\/media\/1201"}],"wp:attachment":[{"href":"https:\/\/lerban.com.br\/loja\/wp-json\/wp\/v2\/media?parent=1507"}],"wp:term":[{"taxonomy":"product_cat","embeddable":true,"href":"https:\/\/lerban.com.br\/loja\/wp-json\/wp\/v2\/product_cat?post=1507"},{"taxonomy":"product_tag","embeddable":true,"href":"https:\/\/lerban.com.br\/loja\/wp-json\/wp\/v2\/product_tag?post=1507"}],"curies":[{"name":"wp","href":"https:\/\/api.w.org\/{rel}","templated":true}]}}

JC 02 &#8211; Conexão Evangelho

<p><strong>TEMÁRIO</strong></p>
<ol>
<li>A CONEXÃO DO REINO</li>
<li>MEU PROJETO DE VIDA: SEGUIR A JESUS</li>
<li>O MANDAMENTO DO AMOR</li>
<li>TEMOS A MENTE DE CRISTO: MATURIDADE CRISTÃ</li>
<li>EU ORO, TU ORAS, ELE ORA&#8230;</li>
<li>BÍBLIA NOSSA DE CADA DIA</li>
<li>A HESED DA JUVENTUDE</li>
<li>UMA VIDA COM FRUTOS E O FRUTO NA VIDA</li>
<li>A VIDA DE COMBATE. ISSO NÃO É UM VIDEOGAME!</li>
<li>RESISTINDO ÀS TENTAÇÕES</li>
<li>MENOS TAGARELICE MAIS EVANGELISMO</li>
<li>JUVENTUDE AVIVADA</li>
</ol>
<p>83 páginas<br />
12 Lições<br />
Formato: Revista<br />
Público Alvo: Jovens</p>
<p>Baixe o pdf com a primeira lição <a href="https://lerban.com.br/loja/sample/conex-02.pdf"><strong>clicando aqui</strong></a>.</p>

<p>Autores: Leônidas Ghelli e Vinícius Tavares</p>
<p>&nbsp;</p>
<p>A série Juventude Conectada nasceu da inquietação e dos anseios da juventude batista nacional de possuir um material adequado ao estilo e à linguagem jovem. Os jovens têm um jeitão todo especial de olhar a realidade. Acreditam em seus ideais e lutam por eles. Conectam-se com o mundo de maneira revolucionária e se munem do conhecimento e do saber para enfrentar as demandas que lhes são propostas.</p>
<p>Antenados as demandas e perspectivas da juventude, disponibilizamos o segundo exemplar da série: CONEXÃO EVANGELHO. Onde, eu e o Pastor Vinicius Tavares, expomos os fundamentos do Evangelho de Jesus de maneira clara e desafiadora, pois acreditamos que Evangelho forma caráter cristão em nós. Esta revista é, portanto, um estímulo à reflexão e uma incitação ao compromisso de ser e fazer a diferença. Juventude Conectada é isso: &#8221;Coragem para ser diferente, compromisso para fazer a diferença&#8221; (Vinicius Tavares).</p>
<p>Espero sinceramente que este material lhe ofereça subsídio bíblico-teológico suficiente para o início de uma discussão que certamente será ampliada nas classes de EBD, nos grupos de estudos bíblicos e nas rodas de bate-papo.</p>
