{"id":1490,"date":"2007-03-28T10:48:43","date_gmt":"2007-03-28T13:48:43","guid":{"rendered":"https:\/\/lerban.com.br\/loja\/wpt\/product\/import-placeholder-for-202\/"},"modified":"2026-04-28T17:35:10","modified_gmt":"2026-04-28T20:35:10","slug":"fe-historia-e-religiao-profetas-maiores","status":"publish","type":"product","link":"https:\/\/lerban.com.br\/loja\/shop\/jovens-e-adultos\/as-escrituras-antigo-testamento\/fe-historia-e-religiao-profetas-maiores\/","title":{"rendered":"AEAT 07 &#8211; F\u00e9, Hist\u00f3ria e Religi\u00e3o | Profetas Maiores"},"content":{"rendered":"<p><strong>TEM\u00c1RIO<\/strong><\/p>\n<ol>\n<li>O MINIST\u00c9RIO DOS PROFETAS NO ANTIGO TESTAMENTO<\/li>\n<li>ISA\u00cdAS, SEU TEMPO E SUA OBRA<\/li>\n<li>RELIGI\u00c3O E JUSTI\u00c7A SOCIAL EM ISA\u00cdAS<\/li>\n<li>PERSPECTIVAS MESSI\u00c2NICAS EM ISA\u00cdAS<\/li>\n<li>JEREMIAS, SEU TEMPO E SUA OBRA<\/li>\n<li>VOCA\u00c7\u00c3O E CHAMADO PROF\u00c9TICO EM JEREMIAS<\/li>\n<li>PROFETISMO DE EXORTA\u00c7\u00c3O EM JEREMIAS<\/li>\n<li>EZEQUIEL, SEU TEMPO E SUA OBRA<\/li>\n<li>PROFETISMO DE CONSOLA\u00c7\u00c3O EM EZEQUIEL<\/li>\n<li>PROFETISMO DE EDIFICA\u00c7\u00c3O EM EZEQUIEL<\/li>\n<li>DANIEL, SEU TEMPO E SUA OBRA<\/li>\n<li>PROFETISMO DE CONFRONTO EM DANIEL<\/li>\n<li>PROFETISMO, HIST\u00d3RIA E POL\u00cdTICA EM DANIEL<\/li>\n<\/ol>\n<p>&nbsp;<\/p>\n<p>80 p\u00e1ginas<br \/>\n13 Li\u00e7\u00f5es<br \/>\nFormato: Revista<br \/>\nP\u00fablico Alvo: Jovens e Adultos<\/p>\n","protected":false},"excerpt":{"rendered":"<p><a href=\"https:\/\/lerban.com.br\/loja\/material-de-apoio-as-escrituras\/\" target=\"_blank\" rel=\"noopener\"><img loading=\"lazy\" decoding=\"async\" class=\"alignnone size-full wp-image-4585\" src=\"https:\/\/lerban.com.br\/loja\/wp-content\/uploads\/2018\/03\/materiais-didatico-AENT.png\" alt=\"\" width=\"364\" height=\"134\" srcset=\"https:\/\/lerban.com.br\/loja\/wp-content\/uploads\/2018\/03\/materiais-didatico-AENT.png 364w, https:\/\/lerban.com.br\/loja\/wp-content\/uploads\/2018\/03\/materiais-didatico-AENT-300x110.png 300w, https:\/\/lerban.com.br\/loja\/wp-content\/uploads\/2018\/03\/materiais-didatico-AENT-150x55.png 150w, https:\/\/lerban.com.br\/loja\/wp-content\/uploads\/2018\/03\/materiais-didatico-AENT-350x129.png 350w\" sizes=\"(max-width: 364px) 100vw, 364px\" \/><\/a><\/p>\n","protected":false},"featured_media":1154,"template":"","meta":[],"product_cat":[111,74,73],"product_tag":[],"class_list":["post-1490","product","type-product","status-publish","has-post-thumbnail","hentry","product_cat-111","product_cat-as-escrituras-antigo-testamento","product_cat-jovens-e-adultos","product_shipping_class-domestic"],"_links":{"self":[{"href":"https:\/\/lerban.com.br\/loja\/wp-json\/wp\/v2\/product\/1490"}],"collection":[{"href":"https:\/\/lerban.com.br\/loja\/wp-json\/wp\/v2\/product"}],"about":[{"href":"https:\/\/lerban.com.br\/loja\/wp-json\/wp\/v2\/types\/product"}],"wp:featuredmedia":[{"embeddable":true,"href":"https:\/\/lerban.com.br\/loja\/wp-json\/wp\/v2\/media\/1154"}],"wp:attachment":[{"href":"https:\/\/lerban.com.br\/loja\/wp-json\/wp\/v2\/media?parent=1490"}],"wp:term":[{"taxonomy":"product_cat","embeddable":true,"href":"https:\/\/lerban.com.br\/loja\/wp-json\/wp\/v2\/product_cat?post=1490"},{"taxonomy":"product_tag","embeddable":true,"href":"https:\/\/lerban.com.br\/loja\/wp-json\/wp\/v2\/product_tag?post=1490"}],"curies":[{"name":"wp","href":"https:\/\/api.w.org\/{rel}","templated":true}]}}