{"id":1485,"date":"2002-03-28T10:48:42","date_gmt":"2002-03-28T13:48:42","guid":{"rendered":"https:\/\/lerban.com.br\/loja\/wpt\/product\/import-placeholder-for-191\/"},"modified":"2026-04-28T17:32:39","modified_gmt":"2026-04-28T20:32:39","slug":"a-antiga-alianca","status":"publish","type":"product","link":"https:\/\/lerban.com.br\/loja\/shop\/jovens-e-adultos\/as-escrituras-antigo-testamento\/a-antiga-alianca\/","title":{"rendered":"AEAT 02 &#8211; A Antiga Alian\u00e7a"},"content":{"rendered":"<p>Autor: Pr. Jos\u00e9 Carlos da Silva<\/p>\n<p>72 p\u00e1ginas<\/p>\n<p><strong>TEM\u00c1RIO<\/strong><\/p>\n<ol>\n<li>UM SONHO DE LIBERDADE<\/li>\n<li>MAN\u00c1, SOMBRA E \u00c1GUA FRESCA<\/li>\n<li>O DEC\u00c1LOGO<\/li>\n<li>ASPECTO DA LEI MOSAICA<\/li>\n<li>SIMBOLOGIAS DO TABERN\u00c1CULO<\/li>\n<li>SIMBOLOGIAS DO LUGAR SANT\u00cdSSIMO<\/li>\n<li>OPORTUNIDADE PERDIDA<\/li>\n<li>A PEREGRINA\u00c7\u00c3O E SUAS LI\u00c7\u00d5ES<\/li>\n<li>B\u00caN\u00c7\u00c3O E MALDI\u00c7\u00c3O<\/li>\n<li>TRANSFER\u00caNCIA DE AUTORIDADE<\/li>\n<li>AS BATALHAS DE JOSU\u00c9<\/li>\n<li>PARTILHA E LEGADO<\/li>\n<\/ol>\n<p>&nbsp;<\/p>\n<p>72 p\u00e1ginas<br \/>\n12 Li\u00e7\u00f5es<br \/>\nFormato: Revista<br \/>\nP\u00fablico Alvo: Jovens e Adultos<\/p>\n","protected":false},"excerpt":{"rendered":"<p><a href=\"https:\/\/lerban.com.br\/loja\/material-de-apoio-as-escrituras\/\" target=\"_blank\" rel=\"noopener\"><img loading=\"lazy\" decoding=\"async\" class=\"alignnone size-full wp-image-4585\" src=\"https:\/\/lerban.com.br\/loja\/wp-content\/uploads\/2018\/03\/materiais-didatico-AENT.png\" alt=\"\" width=\"364\" height=\"134\" srcset=\"https:\/\/lerban.com.br\/loja\/wp-content\/uploads\/2018\/03\/materiais-didatico-AENT.png 364w, https:\/\/lerban.com.br\/loja\/wp-content\/uploads\/2018\/03\/materiais-didatico-AENT-300x110.png 300w, https:\/\/lerban.com.br\/loja\/wp-content\/uploads\/2018\/03\/materiais-didatico-AENT-150x55.png 150w, https:\/\/lerban.com.br\/loja\/wp-content\/uploads\/2018\/03\/materiais-didatico-AENT-350x129.png 350w\" sizes=\"(max-width: 364px) 100vw, 364px\" \/><\/a><\/p>\n","protected":false},"featured_media":1149,"template":"","meta":[],"product_cat":[111,74,73],"product_tag":[],"class_list":["post-1485","product","type-product","status-publish","has-post-thumbnail","hentry","product_cat-111","product_cat-as-escrituras-antigo-testamento","product_cat-jovens-e-adultos","product_shipping_class-domestic"],"_links":{"self":[{"href":"https:\/\/lerban.com.br\/loja\/wp-json\/wp\/v2\/product\/1485"}],"collection":[{"href":"https:\/\/lerban.com.br\/loja\/wp-json\/wp\/v2\/product"}],"about":[{"href":"https:\/\/lerban.com.br\/loja\/wp-json\/wp\/v2\/types\/product"}],"wp:featuredmedia":[{"embeddable":true,"href":"https:\/\/lerban.com.br\/loja\/wp-json\/wp\/v2\/media\/1149"}],"wp:attachment":[{"href":"https:\/\/lerban.com.br\/loja\/wp-json\/wp\/v2\/media?parent=1485"}],"wp:term":[{"taxonomy":"product_cat","embeddable":true,"href":"https:\/\/lerban.com.br\/loja\/wp-json\/wp\/v2\/product_cat?post=1485"},{"taxonomy":"product_tag","embeddable":true,"href":"https:\/\/lerban.com.br\/loja\/wp-json\/wp\/v2\/product_tag?post=1485"}],"curies":[{"name":"wp","href":"https:\/\/api.w.org\/{rel}","templated":true}]}}