{"id":1468,"date":"2018-03-28T10:48:27","date_gmt":"2018-03-28T13:48:27","guid":{"rendered":"https:\/\/lerban.com.br\/loja\/wpt\/product\/import-placeholder-for-164\/"},"modified":"2026-04-18T10:20:35","modified_gmt":"2026-04-18T13:20:35","slug":"homens-que-andaram-com-deusaluno","status":"publish","type":"product","link":"https:\/\/lerban.com.br\/loja\/shop\/adolescentes\/licoes-de-vida-12-a-15-anos\/homens-que-andaram-com-deusaluno\/","title":{"rendered":"LV 05A &#8211; Homens Que Andaram Com Deus &#8211; ALUNO"},"content":{"rendered":"<p><strong>TEM\u00c1RIO<\/strong><\/p>\n<ol>\n<li>NO\u00c9 OBEDECEU AO SENHOR<\/li>\n<li>ABRA\u00c3O &#8211; UM CANAL DE B\u00caN\u00c7\u00c3O<\/li>\n<li>JOS\u00c9 &#8211; O JOVEM VENCEDOR<\/li>\n<li>MOIS\u00c9S &#8211; UM GRANDE L\u00cdDER<\/li>\n<li>JOSU\u00c9 &#8211; O L\u00cdDER FORTE E CORAJOSO<\/li>\n<li>D\u00c9BORA &#8211; UMA JU\u00cdZA EM ISRAEL<\/li>\n<li>SAMUEL &#8211; UMA VIDA CONSAGRADA<\/li>\n<li>DAVI &#8211; HOMEM SEGUNDO O CORA\u00c7\u00c3O DE DEUS<\/li>\n<li>OS CAMINHOS DO SENHOR<\/li>\n<li>O MEU REDENTOR VIVE<\/li>\n<li>CHAMADO POR JESUS<\/li>\n<li>PAULO &#8211; UM ESCOLHIDO DE DEUS<\/li>\n<li>PAULO &#8211; CONVERTIDO DE MODO ESPECIAL<\/li>\n<li>PAULO &#8211; O GRANDE MISSION\u00c1RIO<\/li>\n<li>D. ROSALEE AINDA FALA<\/li>\n<li>RENOVA\u00c7\u00c3O ESPIRITUAL<\/li>\n<\/ol>\n","protected":false},"excerpt":{"rendered":"<p>TEM\u00c1RIO NO\u00c9 OBEDECEU AO SENHOR ABRA\u00c3O &#8211; UM CANAL DE B\u00caN\u00c7\u00c3O JOS\u00c9 &#8211; O JOVEM VENCEDOR MOIS\u00c9S &#8211; UM GRANDE L\u00cdDER JOSU\u00c9 &#8211; O L\u00cdDER FORTE E CORAJOSO D\u00c9BORA &#8211; UMA JU\u00cdZA EM ISRAEL SAMUEL &#8211; UMA VIDA CONSAGRADA DAVI &#8211; HOMEM SEGUNDO O CORA\u00c7\u00c3O DE DEUS OS CAMINHOS DO SENHOR O MEU REDENTOR VIVE [&hellip;]<\/p>\n","protected":false},"featured_media":1110,"template":"","meta":[],"product_cat":[72],"product_tag":[],"class_list":["post-1468","product","type-product","status-publish","has-post-thumbnail","hentry","product_cat-licoes-de-vida-12-a-15-anos","product_shipping_class-domestic"],"_links":{"self":[{"href":"https:\/\/lerban.com.br\/loja\/wp-json\/wp\/v2\/product\/1468"}],"collection":[{"href":"https:\/\/lerban.com.br\/loja\/wp-json\/wp\/v2\/product"}],"about":[{"href":"https:\/\/lerban.com.br\/loja\/wp-json\/wp\/v2\/types\/product"}],"wp:featuredmedia":[{"embeddable":true,"href":"https:\/\/lerban.com.br\/loja\/wp-json\/wp\/v2\/media\/1110"}],"wp:attachment":[{"href":"https:\/\/lerban.com.br\/loja\/wp-json\/wp\/v2\/media?parent=1468"}],"wp:term":[{"taxonomy":"product_cat","embeddable":true,"href":"https:\/\/lerban.com.br\/loja\/wp-json\/wp\/v2\/product_cat?post=1468"},{"taxonomy":"product_tag","embeddable":true,"href":"https:\/\/lerban.com.br\/loja\/wp-json\/wp\/v2\/product_tag?post=1468"}],"curies":[{"name":"wp","href":"https:\/\/api.w.org\/{rel}","templated":true}]}}