{"id":1454,"date":"2018-03-28T10:48:23","date_gmt":"2018-03-28T13:48:23","guid":{"rendered":"https:\/\/lerban.com.br\/loja\/wpt\/product\/import-placeholder-for-134\/"},"modified":"2026-04-08T14:25:22","modified_gmt":"2026-04-08T17:25:22","slug":"e-deus-crioualuno","status":"publish","type":"product","link":"https:\/\/lerban.com.br\/loja\/shop\/adolescentes\/crescendo-com-jesus-9-e-10-anos\/e-deus-crioualuno\/","title":{"rendered":"CJ 01A &#8211; E Deus Criou &#8211; ALUNO"},"content":{"rendered":"<p><strong>TEM\u00c1RIO<\/strong><\/p>\n<ol>\n<li>DEUS SEMPRE EXISTIU<\/li>\n<li>H\u00c1 UM S\u00d3 DEUS<\/li>\n<li>DEUS \u00c9 MAIOR QUE TUDO<\/li>\n<li>E TUDO COME\u00c7OU&#8230;<\/li>\n<li>E DEUS CRIOU<\/li>\n<li>E TUDO FICOU MUITO BOM<\/li>\n<li>DEUS NE FEZ<\/li>\n<li>VAMOS DESCANSAR<\/li>\n<li>AD\u00c3O E EVA &#8211; O PECADO<\/li>\n<li>AD\u00c3O E EVA &#8211; A REDEN\u00c7\u00c3O<\/li>\n<li>CAIM E ABEL &#8211; A INVEJA<\/li>\n<li>NO\u00c9 &#8211; O CONSTRUTOR DA ARCA<\/li>\n<li>O DIL\u00daVIO<\/li>\n<li>A TORRE DE BABEL<\/li>\n<\/ol>\n<p>Autoras:<br \/>\nAlexandra Guerra Castanheira<br \/>\nDulcin\u00e9ia Campos Bu\u00e7ard<br \/>\nIda M\u00e1rcia Silva Leite Mesquita<\/p>\n","protected":false},"excerpt":{"rendered":"<p>TEM\u00c1RIO DEUS SEMPRE EXISTIU H\u00c1 UM S\u00d3 DEUS DEUS \u00c9 MAIOR QUE TUDO E TUDO COME\u00c7OU&#8230; E DEUS CRIOU E TUDO FICOU MUITO BOM DEUS NE FEZ VAMOS DESCANSAR AD\u00c3O E EVA &#8211; O PECADO AD\u00c3O E EVA &#8211; A REDEN\u00c7\u00c3O CAIM E ABEL &#8211; A INVEJA NO\u00c9 &#8211; O CONSTRUTOR DA ARCA O DIL\u00daVIO [&hellip;]<\/p>\n","protected":false},"featured_media":1103,"template":"","meta":[],"product_cat":[71],"product_tag":[],"class_list":["post-1454","product","type-product","status-publish","has-post-thumbnail","hentry","product_cat-crescendo-com-jesus-9-e-10-anos","product_shipping_class-domestic"],"_links":{"self":[{"href":"https:\/\/lerban.com.br\/loja\/wp-json\/wp\/v2\/product\/1454"}],"collection":[{"href":"https:\/\/lerban.com.br\/loja\/wp-json\/wp\/v2\/product"}],"about":[{"href":"https:\/\/lerban.com.br\/loja\/wp-json\/wp\/v2\/types\/product"}],"wp:featuredmedia":[{"embeddable":true,"href":"https:\/\/lerban.com.br\/loja\/wp-json\/wp\/v2\/media\/1103"}],"wp:attachment":[{"href":"https:\/\/lerban.com.br\/loja\/wp-json\/wp\/v2\/media?parent=1454"}],"wp:term":[{"taxonomy":"product_cat","embeddable":true,"href":"https:\/\/lerban.com.br\/loja\/wp-json\/wp\/v2\/product_cat?post=1454"},{"taxonomy":"product_tag","embeddable":true,"href":"https:\/\/lerban.com.br\/loja\/wp-json\/wp\/v2\/product_tag?post=1454"}],"curies":[{"name":"wp","href":"https:\/\/api.w.org\/{rel}","templated":true}]}}