{"id":11538,"date":"2025-01-16T14:59:19","date_gmt":"2025-01-16T17:59:19","guid":{"rendered":"https:\/\/lerban.com.br\/loja\/?post_type=product&#038;p=11538"},"modified":"2026-04-29T15:48:14","modified_gmt":"2026-04-29T18:48:14","slug":"diaconia","status":"publish","type":"product","link":"https:\/\/lerban.com.br\/loja\/shop\/jovens-e-adultos\/estudos-especiais\/diaconia\/","title":{"rendered":"EE 02 &#8211; Diaconia"},"content":{"rendered":"<p>SUM\u00c1RIO<\/p>\n<ol>\n<li>MINIST\u00c9RIO DIACONAL: UMA NECESSIDADE NA IGREJA LOCAL<\/li>\n<li>A RELEV\u00c2NCIA DO MINIST\u00c9RIO DIACONAL<\/li>\n<li>A VIS\u00c3O B\u00cdBLICA DO DIACONATO<\/li>\n<li>O PERFIL B\u00cdBLICO DA VIDA DIACONAL (parte 1)<\/li>\n<li>O PERFIL B\u00cdBLICO DA VIDA DIACONAL (parte 2)<\/li>\n<li>O CORPO DIACONAL<\/li>\n<li>A LIDERAN\u00c7A DO CORPO DIACONAL<\/li>\n<li>A ESFERA DE ATUA\u00c7\u00c3O DO MINIST\u00c9RIO DIACONAL<\/li>\n<li>O DIACONATO E A ORDEM NO CULTO<\/li>\n<li>O PASTOR E O DIACONATO: RELACIONAMENTO<\/li>\n<li>O DIACONATO E A ROTINA COTIDIANA DA IGREJA<\/li>\n<li>O TEMPO DE SERVI\u00c7O DO MINIST\u00c9RIO DIACONAL<\/li>\n<li>O DIACONATO DE HONRA<\/li>\n<\/ol>\n<p>&nbsp;<\/p>\n<p>70 p\u00e1ginas<br \/>\n13 Li\u00e7\u00f5es<br \/>\nFormato: Revista<br \/>\nP\u00fablico Alvo: Di\u00e1conos<\/p>\n","protected":false},"excerpt":{"rendered":"<p>S\u00c9RIE ESTUDOS ESPECIAIS VOLUME 2<\/p>\n<p>Toda a educa\u00e7\u00e3o crist\u00e3 parte do pressuposto da forma\u00e7\u00e3o de um car\u00e1ter cristoc\u00eantrico na vida da igreja local. Por isso, visando apoiar a igreja nessa suprema tarefa, a S\u00e9rie ESTUDOS ESPECIAIS foi elaborada com o prop\u00f3sito de abranger diversos temas por meio dessa proposta pedag\u00f3gica redentora e discipuladora.<br \/>\nCom isso, investir na forma\u00e7\u00e3o educacional continuada de toda membresia da igreja local, propiciar\u00e1 um corpo saud\u00e1vel de crist\u00e3os din\u00e2micos e frut\u00edferos para miss\u00e3o de Deus dentro e fora da comunidade da f\u00e9.<\/p>\n<p>Autor<br \/>\nELIAS LOPES FERNANDES<\/p>\n<p>70 p\u00e1ginas<br \/>\n13 Li\u00e7\u00f5es<br \/>\nFormato Revista<br \/>\nP\u00fablico Alvo:<br \/>\nEscola B\u00edblica; Pequenos grupos; Treinamento de Obreiros e L\u00edderes.<\/p>\n<p>&nbsp;<\/p>\n","protected":false},"featured_media":11559,"template":"","meta":[],"product_cat":[76],"product_tag":[],"class_list":["post-11538","product","type-product","status-publish","has-post-thumbnail","hentry","product_cat-estudos-especiais","product_shipping_class-domestic"],"_links":{"self":[{"href":"https:\/\/lerban.com.br\/loja\/wp-json\/wp\/v2\/product\/11538"}],"collection":[{"href":"https:\/\/lerban.com.br\/loja\/wp-json\/wp\/v2\/product"}],"about":[{"href":"https:\/\/lerban.com.br\/loja\/wp-json\/wp\/v2\/types\/product"}],"wp:featuredmedia":[{"embeddable":true,"href":"https:\/\/lerban.com.br\/loja\/wp-json\/wp\/v2\/media\/11559"}],"wp:attachment":[{"href":"https:\/\/lerban.com.br\/loja\/wp-json\/wp\/v2\/media?parent=11538"}],"wp:term":[{"taxonomy":"product_cat","embeddable":true,"href":"https:\/\/lerban.com.br\/loja\/wp-json\/wp\/v2\/product_cat?post=11538"},{"taxonomy":"product_tag","embeddable":true,"href":"https:\/\/lerban.com.br\/loja\/wp-json\/wp\/v2\/product_tag?post=11538"}],"curies":[{"name":"wp","href":"https:\/\/api.w.org\/{rel}","templated":true}]}}

<p>SUMÁRIO</p>
<ol>
<li>MINISTÉRIO DIACONAL: UMA NECESSIDADE NA IGREJA LOCAL</li>
<li>A RELEVÂNCIA DO MINISTÉRIO DIACONAL</li>
<li>A VISÃO BÍBLICA DO DIACONATO</li>
<li>O PERFIL BÍBLICO DA VIDA DIACONAL (parte 1)</li>
<li>O PERFIL BÍBLICO DA VIDA DIACONAL (parte 2)</li>
<li>O CORPO DIACONAL</li>
<li>A LIDERANÇA DO CORPO DIACONAL</li>
<li>A ESFERA DE ATUAÇÃO DO MINISTÉRIO DIACONAL</li>
<li>O DIACONATO E A ORDEM NO CULTO</li>
<li>O PASTOR E O DIACONATO: RELACIONAMENTO</li>
<li>O DIACONATO E A ROTINA COTIDIANA DA IGREJA</li>
<li>O TEMPO DE SERVIÇO DO MINISTÉRIO DIACONAL</li>
<li>O DIACONATO DE HONRA</li>
</ol>
<p>&nbsp;</p>
<p>70 páginas<br />
13 Lições<br />
Formato: Revista<br />
Público Alvo: Diáconos</p>

<p>SÉRIE ESTUDOS ESPECIAIS VOLUME 2</p>
<p>Toda a educação cristã parte do pressuposto da formação de um caráter cristocêntrico na vida da igreja local. Por isso, visando apoiar a igreja nessa suprema tarefa, a Série ESTUDOS ESPECIAIS foi elaborada com o propósito de abranger diversos temas por meio dessa proposta pedagógica redentora e discipuladora.<br />
Com isso, investir na formação educacional continuada de toda membresia da igreja local, propiciará um corpo saudável de cristãos dinâmicos e frutíferos para missão de Deus dentro e fora da comunidade da fé.</p>
<p>Autor<br />
ELIAS LOPES FERNANDES</p>
<p>70 páginas<br />
13 Lições<br />
Formato Revista<br />
Público Alvo:<br />
Escola Bíblica; Pequenos grupos; Treinamento de Obreiros e Líderes.</p>
<p>&nbsp;</p>
