{"id":10971,"date":"2024-09-04T11:37:22","date_gmt":"2024-09-04T14:37:22","guid":{"rendered":"https:\/\/lerban.com.br\/loja\/?post_type=product&#038;p=10971"},"modified":"2026-04-29T19:58:41","modified_gmt":"2026-04-29T22:58:41","slug":"manual-basico-batista-nacional-e-manual-da-ormiban","status":"publish","type":"product","link":"https:\/\/lerban.com.br\/loja\/shop\/livros\/manual-basico-batista-nacional-e-manual-da-ormiban\/","title":{"rendered":"Manual B\u00e1sico Batista Nacional e Manual da Ormiban"},"content":{"rendered":"<p>1. MANUAL B\u00c1SICO BATISTA NACIONAL<br \/>\nPARTE 1 &#8211; Os Elementos Fundamentais da Nossa F\u00e9<br \/>\nPARTE 2 &#8211; Eclesiologia<br \/>\nPARTE 3 &#8211; Os Elementos Fundamentais da Nossa Pragm\u00e1tica<br \/>\nPARTE 4 &#8211; Usos e Costumes<br \/>\nPARTE 5 &#8211; Funcionamento Estrutural Organizacional<br \/>\nEstatuto da Conven\u00e7\u00e3o Batista Nacional<br \/>\nRegimento Interno da Conven\u00e7\u00e3o Batista Nacional<\/p>\n<p>2. ANEXOS DA CONVEN\u00c7\u00c3O BATISTA NACIONAL<br \/>\nAplica\u00e7\u00e3o da Logomarca<br \/>\nNovo Pacto Batista Nacional<br \/>\nParecer Sobre Igrejas em C\u00e9lulas<\/p>\n<p>3. MANUAL DA ORMIBAN<br \/>\nApresenta\u00e7\u00e3o<br \/>\nEstatuto da Ormiban<br \/>\nRegimento Interno da Ormiban<br \/>\nC\u00f3digo de \u00c9tica da Ormiban<br \/>\nCondutas e Procedimentos Disciplinares<br \/>\nModelo de Processo para Credenciamento e<br \/>\nDescredenciamento de Membros<br \/>\nProcedimentos para Processos Disciplinares<\/p>\n<p>4. ANEXOS AO MANUAL DA ORMIBAN<br \/>\nParecer sobre Div\u00f3rcio de Pastores<br \/>\nParecer Sobre Ordena\u00e7\u00e3o Feminina<br \/>\nRegimento Interno da ANEM<\/p>\n<p>5. ANEXOS DE INTERESSE GERAL<br \/>\nRegras Parlamentares<br \/>\nModelo De Estatuto Para Igreja<br \/>\nModelos De Documentos Para Secretaria Da Igreja<br \/>\nPrinc\u00edpios e Diretrizes para Processo Eletivo CBN<\/p>\n","protected":false},"excerpt":{"rendered":"<p>Autor: Conven\u00e7\u00e3o Batista Nacional<\/p>\n<p>&nbsp;<\/p>\n<p>A obra batista nacional cresceu e o contexto brasileiro mudou, e este trabalho tem como objetivo primordial adequar-se \u00e0 nova realidade.<\/p>\n<p>Paulo diz que quando era menino falava como menino, sentia como menino, pensava como menino, mas ao atingir a fase adulta desistiu das coisas de menino.<\/p>\n<p>A maturidade come\u00e7a a surgir em nosso meio, na medida em que, apesar do momento dif\u00edcil, conseguimos discutir nossos rumos, desenvolvendo um planejamento, organizando melhor nossas a\u00e7\u00f5es, e redefinindo, nossas diretrizes.<\/p>\n<p>Este trabalho tem caracter\u00edsticas importantes, quais sejam, pertence a toda a na\u00e7\u00e3o batista nacional; nos ajuda a promover a unidade doutrin\u00e1ria; define de forma clara o papel da Conven\u00e7\u00e3o como ag\u00eancia facilitadora do cumprimento da miss\u00e3o da igreja local; define nosso conceito de miss\u00e3o integral; remete para a Ordem de Ministros Batistas Nacionais a quest\u00e3o da necessidade de se resgatar os minist\u00e9rios, conforme Paulo prescreve em Ef\u00e9sios 4.11; preserva um ponto importante de nossa identidade batista que \u00e9 a autonomia da igreja local.<\/p>\n<p>\u00c9 de suma import\u00e2ncia que este trabalho chegue a todas as igrejas batistas nacionais e \u00e0 todas as Ordens de Ministros Batistas Nacionais e, seja ent\u00e3o discutido, estudado e observado para o bem da obra batista nacional<\/p>\n<p>Que Deus em sua infinita miseric\u00f3rdia, possa ajudar cada um de n\u00f3s a buscar a Sua vontade e cumprir o Seu prop\u00f3sito eterno de resgatar o homem das trevas, respondendo, assim, ao desafio do Senhor para toda a igreja de ir e fazer disc\u00edpulos, tornando-os respons\u00e1veis e produtivos na obra de restaura\u00e7\u00e3o do mundo.<\/p>\n","protected":false},"featured_media":10972,"template":"","meta":[],"product_cat":[97],"product_tag":[],"class_list":["post-10971","product","type-product","status-publish","has-post-thumbnail","hentry","product_cat-livros"],"_links":{"self":[{"href":"https:\/\/lerban.com.br\/loja\/wp-json\/wp\/v2\/product\/10971"}],"collection":[{"href":"https:\/\/lerban.com.br\/loja\/wp-json\/wp\/v2\/product"}],"about":[{"href":"https:\/\/lerban.com.br\/loja\/wp-json\/wp\/v2\/types\/product"}],"wp:featuredmedia":[{"embeddable":true,"href":"https:\/\/lerban.com.br\/loja\/wp-json\/wp\/v2\/media\/10972"}],"wp:attachment":[{"href":"https:\/\/lerban.com.br\/loja\/wp-json\/wp\/v2\/media?parent=10971"}],"wp:term":[{"taxonomy":"product_cat","embeddable":true,"href":"https:\/\/lerban.com.br\/loja\/wp-json\/wp\/v2\/product_cat?post=10971"},{"taxonomy":"product_tag","embeddable":true,"href":"https:\/\/lerban.com.br\/loja\/wp-json\/wp\/v2\/product_tag?post=10971"}],"curies":[{"name":"wp","href":"https:\/\/api.w.org\/{rel}","templated":true}]}}