{"id":10574,"date":"2024-03-28T14:03:43","date_gmt":"2024-03-28T17:03:43","guid":{"rendered":"https:\/\/lerban.com.br\/loja\/?post_type=product&#038;p=10574"},"modified":"2026-04-06T14:02:04","modified_gmt":"2026-04-06T17:02:04","slug":"navegando-com-proposito","status":"publish","type":"product","link":"https:\/\/lerban.com.br\/loja\/shop\/livros\/navegando-com-proposito\/","title":{"rendered":"Navegando com Prop\u00f3sito"},"content":{"rendered":"<p>Habilidade de Intelig\u00eancia Digital para Crist\u00e3os<\/p>\n<p>Um panorama extraordin\u00e1rio sobre a aten\u00e7\u00e3o necess\u00e1ria que devemos ter em praticamente tudo o que envolve essa Era digital.<\/p>\n<p>&nbsp;<\/p>\n<p>Autores:<br \/>\nMarisa Abreu de Carvalho<br \/>\nMaur\u00edcio Abreu de Carvalho<\/p>\n","protected":false},"excerpt":{"rendered":"<p>Habilidade de Intelig\u00eancia Digital para Crist\u00e3os<\/p>\n<p>Um panorama extraordin\u00e1rio sobre a aten\u00e7\u00e3o necess\u00e1ria que devemos ter em praticamente tudo o que envolve essa Era digital.<\/p>\n<p>&nbsp;<\/p>\n<p>Autores:<br \/>\nMarisa Abreu de Carvalho<br \/>\nMaur\u00edcio Abreu de Carvalho<\/p>\n","protected":false},"featured_media":10575,"template":"","meta":[],"product_cat":[97],"product_tag":[],"class_list":["post-10574","product","type-product","status-publish","has-post-thumbnail","hentry","product_cat-livros"],"_links":{"self":[{"href":"https:\/\/lerban.com.br\/loja\/wp-json\/wp\/v2\/product\/10574"}],"collection":[{"href":"https:\/\/lerban.com.br\/loja\/wp-json\/wp\/v2\/product"}],"about":[{"href":"https:\/\/lerban.com.br\/loja\/wp-json\/wp\/v2\/types\/product"}],"wp:featuredmedia":[{"embeddable":true,"href":"https:\/\/lerban.com.br\/loja\/wp-json\/wp\/v2\/media\/10575"}],"wp:attachment":[{"href":"https:\/\/lerban.com.br\/loja\/wp-json\/wp\/v2\/media?parent=10574"}],"wp:term":[{"taxonomy":"product_cat","embeddable":true,"href":"https:\/\/lerban.com.br\/loja\/wp-json\/wp\/v2\/product_cat?post=10574"},{"taxonomy":"product_tag","embeddable":true,"href":"https:\/\/lerban.com.br\/loja\/wp-json\/wp\/v2\/product_tag?post=10574"}],"curies":[{"name":"wp","href":"https:\/\/api.w.org\/{rel}","templated":true}]}}